{"id":789,"date":"2021-03-25T09:26:57","date_gmt":"2021-03-25T09:26:57","guid":{"rendered":"http:\/\/localhost:8888\/duodecim\/?page_id=789"},"modified":"2025-12-01T09:58:37","modified_gmt":"2025-12-01T09:58:37","slug":"laakariseura-tuotelogot","status":"publish","type":"page","link":"https:\/\/www.duodecim.fi\/visuaalinenohjeisto\/laakariseura-tuotelogot\/","title":{"rendered":"L\u00e4\u00e4k\u00e4riseura tuotelogot"},"content":{"rendered":"","protected":false},"excerpt":{"rendered":"","protected":false},"author":31,"featured_media":0,"parent":0,"menu_order":0,"comment_status":"closed","ping_status":"closed","template":"page-logo.php","meta":{"_acf_changed":false,"inline_featured_image":false,"footnotes":""},"class_list":["post-789","page","type-page","status-publish","hentry"],"acf":[],"_links":{"self":[{"href":"https:\/\/www.duodecim.fi\/visuaalinenohjeisto\/wp-json\/wp\/v2\/pages\/789","targetHints":{"allow":["GET"]}}],"collection":[{"href":"https:\/\/www.duodecim.fi\/visuaalinenohjeisto\/wp-json\/wp\/v2\/pages"}],"about":[{"href":"https:\/\/www.duodecim.fi\/visuaalinenohjeisto\/wp-json\/wp\/v2\/types\/page"}],"author":[{"embeddable":true,"href":"https:\/\/www.duodecim.fi\/visuaalinenohjeisto\/wp-json\/wp\/v2\/users\/31"}],"replies":[{"embeddable":true,"href":"https:\/\/www.duodecim.fi\/visuaalinenohjeisto\/wp-json\/wp\/v2\/comments?post=789"}],"version-history":[{"count":41,"href":"https:\/\/www.duodecim.fi\/visuaalinenohjeisto\/wp-json\/wp\/v2\/pages\/789\/revisions"}],"predecessor-version":[{"id":1437,"href":"https:\/\/www.duodecim.fi\/visuaalinenohjeisto\/wp-json\/wp\/v2\/pages\/789\/revisions\/1437"}],"wp:attachment":[{"href":"https:\/\/www.duodecim.fi\/visuaalinenohjeisto\/wp-json\/wp\/v2\/media?parent=789"}],"curies":[{"name":"wp","href":"https:\/\/api.w.org\/{rel}","templated":true}]}}