{"id":891,"date":"2020-06-12T11:45:11","date_gmt":"2020-06-12T08:45:11","guid":{"rendered":"http:\/\/www.duodecim.fi\/svenska\/?page_id=891"},"modified":"2020-06-30T10:20:12","modified_gmt":"2020-06-30T07:20:12","slug":"bedomningen-av-halsonyttan-ebmeds","status":"publish","type":"page","link":"https:\/\/www.duodecim.fi\/svenska\/for-medicinska-yrkesutovare\/bedomningen-av-halsonyttan-ebmeds\/","title":{"rendered":"Bed\u00f6mningen av h\u00e4lsonyttan EBMEDS"},"content":{"rendered":"<h6>Som grund f\u00f6r Duodecims Bed\u00f6mning av h\u00e4lsonyttan (EBMEDS) ligger strukturerad information fr\u00e5n patientdatasystem samt EBMEDS-beslutsst\u00f6dets inneh\u00e5ll. Med hj\u00e4lp av dessa kan man analysera patientuppgifter b\u00e5de p\u00e5 individuell och gruppniv\u00e5 och hitta de personer som m\u00f6jligen skulle dra nytta av interventioner eller vars v\u00e5rds\u00e4kerhet kunde f\u00f6rb\u00e4ttras.<\/h6>\n<p>Delapparna f\u00f6r bed\u00f6mningen av h\u00e4lsonyttan EBMEDS \u00e4r:<br \/>\u2013 riskr\u00e4knare<br \/>\u2013 v\u00e5rdbrist (care gap)<br \/>\u2013 kliniska kvalitetsm\u00e4tare<br \/>\u2013 rapporter som beskriver befolkningens h\u00e4lsotillst\u00e5nd<br \/>\u2013 r\u00e4knare f\u00f6r h\u00e4lsonytta (en app som m\u00e4ter m\u00e4ngden av nettonyttan som f\u00e5s av v\u00e5rden).<\/p>\n<p>Fastst\u00e4llandet av v\u00e5rdbristen och kliniska kvalitetsm\u00e4tare, riskr\u00e4knare samt r\u00e4knare f\u00f6r h\u00e4lsonytta baserar sig p\u00e5 God medicinsk praxis-rekommendationerna och andra prim\u00e4ra forskningsdatak\u00e4llor.<\/p>\n<p>Tj\u00e4nsten produceras av Kustannus Oy Duodecim.<\/p>\n<p><a href=\"https:\/\/www.duodecim.fi\/2020\/04\/06\/kustannus-oy-duodecimille-laatusertifikaatti\/\">ISO 13485 kvalitetscertifierad<\/a><\/p>\n\n\n<figure class=\"wp-block-image size-large is-resized\"><a href=\"https:\/\/www.sgs.com\/en\/certified-clients-and-products\"><img loading=\"lazy\" decoding=\"async\" src=\"https:\/\/www.duodecim.fi\/svenska\/wp-content\/uploads\/sites\/10\/2020\/06\/SGS_ISO_13485_round_TCL_HR.jpg\" alt=\"\" class=\"wp-image-913\" width=\"228\" height=\"222\" srcset=\"https:\/\/www.duodecim.fi\/svenska\/wp-content\/uploads\/sites\/10\/2020\/06\/SGS_ISO_13485_round_TCL_HR.jpg 629w, https:\/\/www.duodecim.fi\/svenska\/wp-content\/uploads\/sites\/10\/2020\/06\/SGS_ISO_13485_round_TCL_HR-300x293.jpg 300w, https:\/\/www.duodecim.fi\/svenska\/wp-content\/uploads\/sites\/10\/2020\/06\/SGS_ISO_13485_round_TCL_HR-360x351.jpg 360w\" sizes=\"auto, (max-width: 228px) 100vw, 228px\" \/><\/a><\/figure>\n","protected":false},"excerpt":{"rendered":"<p>Som grund f\u00f6r Duodecims Bed\u00f6mning av h\u00e4lsonyttan (EBMEDS) ligger strukturerad information fr\u00e5n patientdatasystem samt EBMEDS-beslutsst\u00f6dets inneh\u00e5ll. Med hj\u00e4lp av dessa kan man analysera patientuppgifter b\u00e5de p\u00e5 individuell och gruppniv\u00e5 och hitta de personer som m\u00f6jligen skulle dra nytta av interventioner eller vars v\u00e5rds\u00e4kerhet kunde f\u00f6rb\u00e4ttras. Delapparna f\u00f6r bed\u00f6mningen av h\u00e4lsonyttan EBMEDS \u00e4r:\u2013 riskr\u00e4knare\u2013 v\u00e5rdbrist (care [&hellip;]<\/p>\n","protected":false},"author":30,"featured_media":886,"parent":433,"menu_order":0,"comment_status":"closed","ping_status":"closed","template":"template-tuote.php","meta":{"_acf_changed":false,"footnotes":""},"tags":[],"page_categories":[3,10],"class_list":["post-891","page","type-page","status-publish","has-post-thumbnail","hentry","page_categories-producter","page_categories-tuotteet"],"acf":[],"_links":{"self":[{"href":"https:\/\/www.duodecim.fi\/svenska\/wp-json\/wp\/v2\/pages\/891","targetHints":{"allow":["GET"]}}],"collection":[{"href":"https:\/\/www.duodecim.fi\/svenska\/wp-json\/wp\/v2\/pages"}],"about":[{"href":"https:\/\/www.duodecim.fi\/svenska\/wp-json\/wp\/v2\/types\/page"}],"author":[{"embeddable":true,"href":"https:\/\/www.duodecim.fi\/svenska\/wp-json\/wp\/v2\/users\/30"}],"replies":[{"embeddable":true,"href":"https:\/\/www.duodecim.fi\/svenska\/wp-json\/wp\/v2\/comments?post=891"}],"version-history":[{"count":4,"href":"https:\/\/www.duodecim.fi\/svenska\/wp-json\/wp\/v2\/pages\/891\/revisions"}],"predecessor-version":[{"id":915,"href":"https:\/\/www.duodecim.fi\/svenska\/wp-json\/wp\/v2\/pages\/891\/revisions\/915"}],"up":[{"embeddable":true,"href":"https:\/\/www.duodecim.fi\/svenska\/wp-json\/wp\/v2\/pages\/433"}],"wp:featuredmedia":[{"embeddable":true,"href":"https:\/\/www.duodecim.fi\/svenska\/wp-json\/wp\/v2\/media\/886"}],"wp:attachment":[{"href":"https:\/\/www.duodecim.fi\/svenska\/wp-json\/wp\/v2\/media?parent=891"}],"wp:term":[{"taxonomy":"post_tag","embeddable":true,"href":"https:\/\/www.duodecim.fi\/svenska\/wp-json\/wp\/v2\/tags?post=891"},{"taxonomy":"page_categories","embeddable":true,"href":"https:\/\/www.duodecim.fi\/svenska\/wp-json\/wp\/v2\/page_categories?post=891"}],"curies":[{"name":"wp","href":"https:\/\/api.w.org\/{rel}","templated":true}]}}