{"id":526,"date":"2015-12-28T11:07:52","date_gmt":"2015-12-28T09:07:52","guid":{"rendered":"http:\/\/c20102plsrv24.duodecim.fi\/svenska\/?page_id=526"},"modified":"2021-02-23T14:05:13","modified_gmt":"2021-02-23T12:05:13","slug":"god-medicinsk-praxis-patienversioner","status":"publish","type":"page","link":"https:\/\/www.duodecim.fi\/svenska\/for-medicinska-yrkesutovare\/god-medicinsk-praxis-patienversioner\/","title":{"rendered":"God medicinsk praxis &#8211; patientversioner"},"content":{"rendered":"<p>I God medicinsk praxis-rekommendationerna beskriver man vanligen sjukdomens karakt\u00e4r och hur allm\u00e4n den \u00e4r, symptom, orsaker, \u00e5tg\u00e4rder i samband med diagnostisering av sjukdomen, v\u00e5rden och rehabiliteringen samt sjukdomens konsekvenser och prognos.<\/p>\n<p>Man g\u00f6r upp patientversioner av rekommendationerna som \u00e4r riktade till medborgarna. I dem presenterar man i kompakt form och p\u00e5 allm\u00e4nspr\u00e5k det centrala inneh\u00e5llet i God medicinsk praxis-rekommendationen ur patientens synvinkel. Patientversionerna kan man l\u00e4sa p\u00e5 webbsidan <a href=\"https:\/\/www.kaypahoito.fi\/sv\/\" target=\"_blank\" rel=\"noopener noreferrer\">K\u00e4yp\u00e4 hoito<\/a> (God medicinsk praxis) och i <a href=\"http:\/\/www.terveyskirjasto.fi\/terveyskirjasto\/tk.koti\" target=\"_blank\" rel=\"noopener noreferrer\">Terveyskirjasto<\/a>.<\/p>\n<p>Man g\u00f6r upp patientversionerna b\u00e5de p\u00e5 finska och svenska.<\/p>\n","protected":false},"excerpt":{"rendered":"<p>I God medicinsk praxis-rekommendationerna beskriver man vanligen sjukdomens karakt\u00e4r och hur allm\u00e4n den \u00e4r, symptom, orsaker, \u00e5tg\u00e4rder i samband med diagnostisering av sjukdomen, v\u00e5rden och rehabiliteringen samt sjukdomens konsekvenser och prognos. Man g\u00f6r upp patientversioner av rekommendationerna som \u00e4r riktade till medborgarna. I dem presenterar man i kompakt form och p\u00e5 allm\u00e4nspr\u00e5k det centrala inneh\u00e5llet [&hellip;]<\/p>\n","protected":false},"author":30,"featured_media":697,"parent":433,"menu_order":0,"comment_status":"closed","ping_status":"closed","template":"template-tuote.php","meta":{"_acf_changed":false,"footnotes":""},"tags":[],"page_categories":[3,10],"class_list":["post-526","page","type-page","status-publish","has-post-thumbnail","hentry","page_categories-producter","page_categories-tuotteet"],"acf":[],"_links":{"self":[{"href":"https:\/\/www.duodecim.fi\/svenska\/wp-json\/wp\/v2\/pages\/526","targetHints":{"allow":["GET"]}}],"collection":[{"href":"https:\/\/www.duodecim.fi\/svenska\/wp-json\/wp\/v2\/pages"}],"about":[{"href":"https:\/\/www.duodecim.fi\/svenska\/wp-json\/wp\/v2\/types\/page"}],"author":[{"embeddable":true,"href":"https:\/\/www.duodecim.fi\/svenska\/wp-json\/wp\/v2\/users\/30"}],"replies":[{"embeddable":true,"href":"https:\/\/www.duodecim.fi\/svenska\/wp-json\/wp\/v2\/comments?post=526"}],"version-history":[{"count":11,"href":"https:\/\/www.duodecim.fi\/svenska\/wp-json\/wp\/v2\/pages\/526\/revisions"}],"predecessor-version":[{"id":934,"href":"https:\/\/www.duodecim.fi\/svenska\/wp-json\/wp\/v2\/pages\/526\/revisions\/934"}],"up":[{"embeddable":true,"href":"https:\/\/www.duodecim.fi\/svenska\/wp-json\/wp\/v2\/pages\/433"}],"wp:featuredmedia":[{"embeddable":true,"href":"https:\/\/www.duodecim.fi\/svenska\/wp-json\/wp\/v2\/media\/697"}],"wp:attachment":[{"href":"https:\/\/www.duodecim.fi\/svenska\/wp-json\/wp\/v2\/media?parent=526"}],"wp:term":[{"taxonomy":"post_tag","embeddable":true,"href":"https:\/\/www.duodecim.fi\/svenska\/wp-json\/wp\/v2\/tags?post=526"},{"taxonomy":"page_categories","embeddable":true,"href":"https:\/\/www.duodecim.fi\/svenska\/wp-json\/wp\/v2\/page_categories?post=526"}],"curies":[{"name":"wp","href":"https:\/\/api.w.org\/{rel}","templated":true}]}}