{"id":520,"date":"2015-12-28T11:05:02","date_gmt":"2015-12-28T09:05:02","guid":{"rendered":"http:\/\/c20102plsrv24.duodecim.fi\/svenska\/?page_id=520"},"modified":"2019-06-24T11:15:13","modified_gmt":"2019-06-24T08:15:13","slug":"oppiportti-syvariportti-och-andra-utbildningar","status":"publish","type":"page","link":"https:\/\/www.duodecim.fi\/svenska\/for-medicinska-yrkesutovare\/oppiportti-syvariportti-och-andra-utbildningar\/","title":{"rendered":"Oppiportti, Syv\u00e4riportti och andra utbildningar"},"content":{"rendered":"<p>Kompletteringsutbildning med m\u00e5let att uppr\u00e4tth\u00e5lla h\u00f6g yrkeskunnande \u00e4r ocks\u00e5 en av Duodecims centrala verksamhetsformer. De m\u00e5ngformiga utbildningstillf\u00e4llena som f\u00f6rening ordnar samt webbinl\u00e4rningsmilj\u00f6n Oppiportti, som F\u00f6rlags Ab Duodecim publicerar, erbjuder m\u00f6jligheter f\u00f6r att bevara och utveckla de kunskaper som kr\u00e4vs i arbetet.<\/p>\n<p>Syv\u00e4riportti \u00e4r en m\u00f6tesplats f\u00f6r studerande som h\u00e5ller p\u00e5 med f\u00f6rdjupade medicinska studier och deras handledare. I tj\u00e4nsten hittar man bland annat anvisningar f\u00f6r hur man skriver avhandlingen f\u00f6r f\u00f6rdjupande studier och st\u00f6d f\u00f6r val av teman f\u00f6r avhandlingen. Tj\u00e4nsten \u00e4r uppr\u00e4ttad i samarbete med Finska Tandl\u00e4kars\u00e4llskapet Apollonia, medicinska fakulteten vid Helsingfors universitet, medicinska fakulteten vid \u00d6stra Finlands universitet, medicinska fakulteten vid Ule\u00e5borgs universitet, Finlands Medicinarf\u00f6rbund r.f., studentf\u00f6rbundet Suomen hammasl\u00e4\u00e4ketieteen opiskelijoiden liitto, medicinska fakulteten vid Tammerfors universitet och medicinska fakulteten vid \u00c5bo universitet.<\/p>\n","protected":false},"excerpt":{"rendered":"<p>Kompletteringsutbildning med m\u00e5let att uppr\u00e4tth\u00e5lla h\u00f6g yrkeskunnande \u00e4r ocks\u00e5 en av Duodecims centrala verksamhetsformer. De m\u00e5ngformiga utbildningstillf\u00e4llena som f\u00f6rening ordnar samt webbinl\u00e4rningsmilj\u00f6n Oppiportti, som F\u00f6rlags Ab Duodecim publicerar, erbjuder m\u00f6jligheter f\u00f6r att bevara och utveckla de kunskaper som kr\u00e4vs i arbetet. Syv\u00e4riportti \u00e4r en m\u00f6tesplats f\u00f6r studerande som h\u00e5ller p\u00e5 med f\u00f6rdjupade medicinska studier och [&hellip;]<\/p>\n","protected":false},"author":30,"featured_media":522,"parent":433,"menu_order":0,"comment_status":"closed","ping_status":"closed","template":"template-tuote.php","meta":{"_acf_changed":false,"footnotes":""},"tags":[],"page_categories":[3,10],"class_list":["post-520","page","type-page","status-publish","has-post-thumbnail","hentry","page_categories-producter","page_categories-tuotteet"],"acf":[],"_links":{"self":[{"href":"https:\/\/www.duodecim.fi\/svenska\/wp-json\/wp\/v2\/pages\/520","targetHints":{"allow":["GET"]}}],"collection":[{"href":"https:\/\/www.duodecim.fi\/svenska\/wp-json\/wp\/v2\/pages"}],"about":[{"href":"https:\/\/www.duodecim.fi\/svenska\/wp-json\/wp\/v2\/types\/page"}],"author":[{"embeddable":true,"href":"https:\/\/www.duodecim.fi\/svenska\/wp-json\/wp\/v2\/users\/30"}],"replies":[{"embeddable":true,"href":"https:\/\/www.duodecim.fi\/svenska\/wp-json\/wp\/v2\/comments?post=520"}],"version-history":[{"count":7,"href":"https:\/\/www.duodecim.fi\/svenska\/wp-json\/wp\/v2\/pages\/520\/revisions"}],"predecessor-version":[{"id":771,"href":"https:\/\/www.duodecim.fi\/svenska\/wp-json\/wp\/v2\/pages\/520\/revisions\/771"}],"up":[{"embeddable":true,"href":"https:\/\/www.duodecim.fi\/svenska\/wp-json\/wp\/v2\/pages\/433"}],"wp:featuredmedia":[{"embeddable":true,"href":"https:\/\/www.duodecim.fi\/svenska\/wp-json\/wp\/v2\/media\/522"}],"wp:attachment":[{"href":"https:\/\/www.duodecim.fi\/svenska\/wp-json\/wp\/v2\/media?parent=520"}],"wp:term":[{"taxonomy":"post_tag","embeddable":true,"href":"https:\/\/www.duodecim.fi\/svenska\/wp-json\/wp\/v2\/tags?post=520"},{"taxonomy":"page_categories","embeddable":true,"href":"https:\/\/www.duodecim.fi\/svenska\/wp-json\/wp\/v2\/page_categories?post=520"}],"curies":[{"name":"wp","href":"https:\/\/api.w.org\/{rel}","templated":true}]}}