{"id":437,"date":"2015-10-28T10:16:35","date_gmt":"2015-10-28T08:16:35","guid":{"rendered":"http:\/\/c20102plsrv24.duodecim.fi\/hemsidan\/?page_id=437"},"modified":"2019-06-24T11:03:13","modified_gmt":"2019-06-24T08:03:13","slug":"duodecim","status":"publish","type":"page","link":"https:\/\/www.duodecim.fi\/svenska\/duodecim\/","title":{"rendered":"Duodecim"},"content":{"rendered":"<p>Duodecim utvecklar l\u00e4karnas yrkeskunskap och st\u00f6der det praktiska arbetet.<\/p>\n<p>Finska L\u00e4karf\u00f6reningen Duodecim \u00e4r en 1881 grundad vetenskaplig f\u00f6rening som med hj\u00e4lp av kompletteringsutbildning, publikationer och stipendier utvecklar l\u00e4karnas yrkeskunskap och praktiska arbete. \u00d6ver 22\u00a0000 l\u00e4kare och medicinstuderande samt 100 medlemsf\u00f6reningar h\u00f6r till f\u00f6reningen.<\/p>\n<p>F\u00f6rlags Ab Duodecim \u00e4gs av f\u00f6reningen och publicerar informationsinneh\u00e5ll riktat till yrkesut\u00f6vare inom h\u00e4lsov\u00e5rden till st\u00f6d f\u00f6r b\u00e5de studier och det dagliga arbetet. F\u00f6r medborgare intresserade av medicin och h\u00e4lsa hittar man i f\u00f6retagets sortiment tillf\u00f6rlitlig och f\u00f6rst\u00e5bar information om h\u00e4lsa och sjukdomar b\u00e5de som allm\u00e4nna fackb\u00f6cker och webbinneh\u00e5ll och tj\u00e4nster integrerade i h\u00e4lsov\u00e5rdens system.<\/p>\n","protected":false},"excerpt":{"rendered":"<p>Duodecim utvecklar l\u00e4karnas yrkeskunskap och st\u00f6der det praktiska arbetet. Finska L\u00e4karf\u00f6reningen Duodecim \u00e4r en 1881 grundad vetenskaplig f\u00f6rening som med hj\u00e4lp av kompletteringsutbildning, publikationer och stipendier utvecklar l\u00e4karnas yrkeskunskap och praktiska arbete. \u00d6ver 22\u00a0000 l\u00e4kare och medicinstuderande samt 100 medlemsf\u00f6reningar h\u00f6r till f\u00f6reningen. F\u00f6rlags Ab Duodecim \u00e4gs av f\u00f6reningen och publicerar informationsinneh\u00e5ll riktat till yrkesut\u00f6vare [&hellip;]<\/p>\n","protected":false},"author":26,"featured_media":544,"parent":0,"menu_order":0,"comment_status":"closed","ping_status":"closed","template":"","meta":{"_acf_changed":false,"footnotes":""},"tags":[],"page_categories":[5],"class_list":["post-437","page","type-page","status-publish","has-post-thumbnail","hentry","page_categories-duodecim"],"acf":[],"_links":{"self":[{"href":"https:\/\/www.duodecim.fi\/svenska\/wp-json\/wp\/v2\/pages\/437","targetHints":{"allow":["GET"]}}],"collection":[{"href":"https:\/\/www.duodecim.fi\/svenska\/wp-json\/wp\/v2\/pages"}],"about":[{"href":"https:\/\/www.duodecim.fi\/svenska\/wp-json\/wp\/v2\/types\/page"}],"author":[{"embeddable":true,"href":"https:\/\/www.duodecim.fi\/svenska\/wp-json\/wp\/v2\/users\/26"}],"replies":[{"embeddable":true,"href":"https:\/\/www.duodecim.fi\/svenska\/wp-json\/wp\/v2\/comments?post=437"}],"version-history":[{"count":5,"href":"https:\/\/www.duodecim.fi\/svenska\/wp-json\/wp\/v2\/pages\/437\/revisions"}],"predecessor-version":[{"id":764,"href":"https:\/\/www.duodecim.fi\/svenska\/wp-json\/wp\/v2\/pages\/437\/revisions\/764"}],"wp:featuredmedia":[{"embeddable":true,"href":"https:\/\/www.duodecim.fi\/svenska\/wp-json\/wp\/v2\/media\/544"}],"wp:attachment":[{"href":"https:\/\/www.duodecim.fi\/svenska\/wp-json\/wp\/v2\/media?parent=437"}],"wp:term":[{"taxonomy":"post_tag","embeddable":true,"href":"https:\/\/www.duodecim.fi\/svenska\/wp-json\/wp\/v2\/tags?post=437"},{"taxonomy":"page_categories","embeddable":true,"href":"https:\/\/www.duodecim.fi\/svenska\/wp-json\/wp\/v2\/page_categories?post=437"}],"curies":[{"name":"wp","href":"https:\/\/api.w.org\/{rel}","templated":true}]}}