{"id":315,"date":"2025-04-01T12:32:54","date_gmt":"2025-04-01T12:32:54","guid":{"rendered":"http:\/\/kuura-health.local\/?page_id=315"},"modified":"2026-03-25T16:19:20","modified_gmt":"2026-03-25T14:19:20","slug":"d-resepti-pro","status":"publish","type":"page","link":"https:\/\/www.duodecim.fi\/kuurahealth\/d-resepti-pro\/","title":{"rendered":"D-resepti Pro"},"content":{"rendered":"\n<div class=\"wp-block-cover alignwide\" style=\"margin-top:0;margin-bottom:0;padding-top:0;padding-bottom:0;min-height:370px;aspect-ratio:unset;\"><img loading=\"lazy\" decoding=\"async\" width=\"1587\" height=\"1058\" class=\"wp-block-cover__image-background wp-image-1391 size-full\" alt=\"D-resepti Pro:ta k\u00e4ytt\u00e4v\u00e4 l\u00e4\u00e4k\u00e4ri omalla vastaanotollaan, tutkii stetoskoopilla pient\u00e4 lasta.\" src=\"https:\/\/www.duodecim.fi\/kuurahealth\/wp-content\/uploads\/sites\/21\/2025\/12\/D-resepti-Pro_etusivu.png\" style=\"object-position:64% 5%\" data-object-fit=\"cover\" data-object-position=\"64% 5%\" srcset=\"https:\/\/www.duodecim.fi\/kuurahealth\/wp-content\/uploads\/sites\/21\/2025\/12\/D-resepti-Pro_etusivu.png 1587w, https:\/\/www.duodecim.fi\/kuurahealth\/wp-content\/uploads\/sites\/21\/2025\/12\/D-resepti-Pro_etusivu-300x200.png 300w, https:\/\/www.duodecim.fi\/kuurahealth\/wp-content\/uploads\/sites\/21\/2025\/12\/D-resepti-Pro_etusivu-1024x683.png 1024w, https:\/\/www.duodecim.fi\/kuurahealth\/wp-content\/uploads\/sites\/21\/2025\/12\/D-resepti-Pro_etusivu-768x512.png 768w, https:\/\/www.duodecim.fi\/kuurahealth\/wp-content\/uploads\/sites\/21\/2025\/12\/D-resepti-Pro_etusivu-1536x1024.png 1536w\" sizes=\"auto, (max-width: 1587px) 100vw, 1587px\" \/><span aria-hidden=\"true\" class=\"wp-block-cover__background has-tumma-sininen-background-color has-background-dim\"><\/span><div class=\"wp-block-cover__inner-container has-global-padding is-layout-constrained wp-container-core-cover-is-layout-93f53ff7 wp-block-cover-is-layout-constrained\">\n<h1 class=\"wp-block-heading has-text-align-center has-base-color has-text-color has-link-color wp-elements-6ce679cdcaafb4613f67b368ea4da471\" style=\"font-size:clamp(22.041px, 1.378rem + ((1vw - 3.2px) * 1.091), 36px);font-style:normal;font-weight:400;line-height:1.4\">D-resepti Pro tarjoaa kustannustehokkaat ty\u00f6kalut <br>mutkattomaan vastaanottoty\u00f6h\u00f6n<\/h1>\n<\/div><\/div>\n\n\n\n<div class=\"wp-block-group has-global-padding is-layout-constrained wp-block-group-is-layout-constrained\">\n<div class=\"wp-block-columns is-layout-flex wp-container-core-columns-is-layout-fcacad70 wp-block-columns-is-layout-flex\" style=\"margin-top:var(--wp--preset--spacing--70);margin-bottom:var(--wp--preset--spacing--70)\">\n<div class=\"wp-block-column is-layout-flow wp-block-column-is-layout-flow\" style=\"padding-right:var(--wp--preset--spacing--40);padding-left:var(--wp--preset--spacing--40);flex-basis:25%\">\n<figure class=\"wp-block-image size-full is-resized subsite-nav-logo\"><img loading=\"lazy\" decoding=\"async\" width=\"607\" height=\"237\" src=\"https:\/\/www.duodecim.fi\/kuurahealth\/wp-content\/uploads\/sites\/21\/2025\/12\/D-resepti_logo_color_RGB.png\" alt=\"\" class=\"wp-image-1120\" style=\"width:auto;height:60px\" srcset=\"https:\/\/www.duodecim.fi\/kuurahealth\/wp-content\/uploads\/sites\/21\/2025\/12\/D-resepti_logo_color_RGB.png 607w, https:\/\/www.duodecim.fi\/kuurahealth\/wp-content\/uploads\/sites\/21\/2025\/12\/D-resepti_logo_color_RGB-300x117.png 300w\" sizes=\"auto, (max-width: 607px) 100vw, 607px\" \/><\/figure>\n<\/div>\n\n\n\n<div class=\"wp-block-column is-layout-flow wp-block-column-is-layout-flow\" style=\"padding-right:var(--wp--preset--spacing--40);padding-left:var(--wp--preset--spacing--40);flex-basis:60%\">\n<p class=\"has-tumma-sininen-color has-text-color has-link-color has-body-font-size wp-elements-16730df89f33f70a9bf57fcc61c6bdb6\" style=\"line-height:1.7\">D-resepti Pro on kevyt ja moderni selainpohjainen potilastietoj\u00e4rjestelm\u00e4 itsen\u00e4iseen vastaanottoty\u00f6h\u00f6n. J\u00e4rjestelm\u00e4 on kustannustehokas, sill\u00e4 hinnoittelu perustuu toteutuneeseen potilasty\u00f6h\u00f6n eik\u00e4 kiinteisiin kuluihin.<\/p>\n<\/div>\n<\/div>\n\n\n\n<div class=\"wp-block-columns is-layout-flex wp-container-core-columns-is-layout-fcacad70 wp-block-columns-is-layout-flex\" style=\"margin-top:var(--wp--preset--spacing--70);margin-bottom:var(--wp--preset--spacing--70)\">\n<div class=\"wp-block-column is-layout-flow wp-block-column-is-layout-flow\" style=\"padding-right:var(--wp--preset--spacing--40);padding-left:var(--wp--preset--spacing--40);flex-basis:25%\">\n<h2 class=\"wp-block-heading has-tumma-sininen-color has-text-color has-link-color has-h-3-font-size wp-elements-a915c0819ebebde339e98967310360ed\" style=\"line-height:1.4\">Potilaan k\u00e4ytt\u00f6liittym\u00e4<\/h2>\n<\/div>\n\n\n\n<div class=\"wp-block-column is-layout-flow wp-block-column-is-layout-flow\" style=\"padding-right:var(--wp--preset--spacing--40);padding-left:var(--wp--preset--spacing--40);flex-basis:60%\">\n<p class=\"has-tumma-sininen-color has-text-color has-link-color has-body-font-size wp-elements-625f08c6f348ccbbcf334abdad60902d\" style=\"line-height:1.7\">Tarjoamme alustan my\u00f6s potilaan k\u00e4ytt\u00f6liittym\u00e4lle, johon yksityinen palveluntuottaja p\u00e4\u00e4see valitsemaan haluamiansa ominaisuuksia sek\u00e4 omaan br\u00e4ndiin sopivan ilmeen.<\/p>\n<\/div>\n<\/div>\n\n\n\n<div class=\"wp-block-group has-global-padding is-layout-constrained wp-container-core-group-is-layout-97829e9f wp-block-group-is-layout-constrained\" style=\"padding-right:var(--wp--preset--spacing--40);padding-left:var(--wp--preset--spacing--40)\">\n<hr class=\"wp-block-separator has-text-color has-tumma-sininen-color has-alpha-channel-opacity has-tumma-sininen-background-color has-background\" style=\"margin-top:0;margin-bottom:0\" \/>\n<\/div>\n\n\n\n<div class=\"wp-block-group has-global-padding is-layout-constrained wp-container-core-group-is-layout-97829e9f wp-block-group-is-layout-constrained\" style=\"padding-right:var(--wp--preset--spacing--40);padding-left:var(--wp--preset--spacing--40)\">\n<h2 class=\"wp-block-heading has-text-align-center has-tumma-sininen-color has-text-color has-link-color has-h-2-font-size wp-elements-612b2fac809839ddccfc892e509649f4\" style=\"margin-top:var(--wp--preset--spacing--60);padding-right:var(--wp--preset--spacing--40);padding-left:var(--wp--preset--spacing--40)\">Tarvitset vain ammattitaitosi<\/h2>\n\n\n\n<p class=\"has-text-align-left has-tumma-sininen-color has-text-color has-link-color has-body-font-size wp-elements-e02417475a006ba9ed72b0e53f768112\">D-resepti Pro ja Potilaan k\u00e4ytt\u00f6liittym\u00e4 yhdess\u00e4 muodostavat perustan vastaanottotoiminnallesi. Ty\u00f6kalumme tarjoavat sek\u00e4 potilaalle ett\u00e4 ammattilaiselle selke\u00e4t n\u00e4kym\u00e4t ja toiminnallisuudet koko hoitok\u00e4ynnin hallittuun ja sujuvaan l\u00e4pik\u00e4yntiin.<\/p>\n<\/div>\n<\/div>\n\n\n\n<div class=\"wp-block-group has-global-padding is-layout-constrained wp-block-group-is-layout-constrained\" style=\"margin-top:0;margin-bottom:0;padding-top:0;padding-bottom:0\">\n<div class=\"wp-block-columns is-layout-flex wp-container-core-columns-is-layout-df58bbe4 wp-block-columns-is-layout-flex\" style=\"margin-top:0;margin-bottom:0;padding-top:0;padding-right:var(--wp--preset--spacing--40);padding-bottom:0;padding-left:var(--wp--preset--spacing--40)\">\n<div class=\"wp-block-column grid-item grid-item-left is-layout-flow wp-container-core-column-is-layout-75ddf757 wp-block-column-is-layout-flow\" style=\"padding-top:var(--wp--preset--spacing--60);padding-bottom:var(--wp--preset--spacing--60)\">\n<h3 class=\"wp-block-heading has-text-color has-link-color has-opensans-font-family has-h-4-font-size wp-elements-fda584a5073257c2443b4dd916686bab\" style=\"color:#00175a\"><strong>Mit\u00e4 D-resepti Pro pit\u00e4\u00e4 sis\u00e4ll\u00e4\u00e4n?<\/strong><\/h3>\n\n\n\n<p class=\"has-text-color has-link-color has-opensans-font-family has-body-font-size wp-elements-ad6d7ab9de5a501576f4df94e7cd3e21\" style=\"color:#00175a\">D-resepti Pro kattaa vastaanottoty\u00f6n keskeiset toiminnot: potilasasiakirjat ja l\u00e4\u00e4kem\u00e4\u00e4r\u00e4ykset (Kanta), tutkimus- ja laboratiol\u00e4hetteet, ajanvarauksen, laskutuksen ja Kela-korvaukset. Ty\u00f6skentely pysyy selke\u00e4n\u00e4 ja hallittuna koko hoitok\u00e4ynnin ajan.<\/p>\n<\/div>\n\n\n\n<div class=\"wp-block-column grid-item is-layout-flow wp-container-core-column-is-layout-75ddf757 wp-block-column-is-layout-flow\" style=\"padding-top:var(--wp--preset--spacing--60);padding-bottom:var(--wp--preset--spacing--60)\">\n<h3 class=\"wp-block-heading has-text-color has-link-color has-opensans-font-family has-h-4-font-size wp-elements-3b26fb84aab91e4b6eb0137c3674a5e5\" style=\"color:#00175a\"><strong>Ketk\u00e4 voivat ottaa D-resepti Pro:n k\u00e4ytt\u00f6\u00f6n?<\/strong><\/h3>\n\n\n\n<p class=\"has-text-color has-link-color has-opensans-font-family has-body-font-size wp-elements-fc84613b49c3f4ebe49a924b8c8c95d9\" style=\"color:#00175a\">Selainpohjainen A1-luokan potilastietoj\u00e4rjestelm\u00e4 on suunnattu itsen\u00e4isille ammatinharjoittajille ja eri kokoisille organisaatioille. Se soveltuu oman potilaskannan hoitamiseen ajasta ja paikasta riippumatta, ilman v\u00e4lik\u00e4si\u00e4 tai raskaita rakenteita.<\/p>\n<\/div>\n<\/div>\n\n\n\n<div class=\"wp-block-columns is-layout-flex wp-container-core-columns-is-layout-df58bbe4 wp-block-columns-is-layout-flex\" style=\"margin-top:0;margin-bottom:0;padding-top:0;padding-right:var(--wp--preset--spacing--40);padding-bottom:0;padding-left:var(--wp--preset--spacing--40)\">\n<div class=\"wp-block-column grid-item grid-item-left is-layout-flow wp-container-core-column-is-layout-75ddf757 wp-block-column-is-layout-flow\" style=\"padding-top:var(--wp--preset--spacing--60);padding-bottom:var(--wp--preset--spacing--60)\">\n<h3 class=\"wp-block-heading has-text-align-left has-text-color has-link-color has-opensans-font-family has-h-4-font-size wp-elements-737bac4717ca917858bf4e8e84f927bb\" style=\"color:#00175a\"><strong>Paljon D-resepti Pro:n k\u00e4ytt\u00f6 maksaa?<\/strong><\/h3>\n\n\n\n<p class=\"has-text-color has-link-color has-opensans-font-family has-body-font-size wp-elements-f20200a4c7d59612ddd53fa911dd3117\" style=\"color:#00175a\">D-resepti Pro:ssa ei ole kiinteit\u00e4 kuluja lainkaan. Veloitamme kuukaudessa 5 euroa potilasta kohden 150 euroon saakka (yksitt\u00e4inen ammatinharjoittaja) tai 190 euroon (muut palveluntuottajat). Vaihtoehtona on liikevaihtopohjainen hinnoittelu, jossa veloitus on kiinte\u00e4 prosentti toteutuneesta liikevaihdosta.<\/p>\n<\/div>\n\n\n\n<div class=\"wp-block-column grid-item is-layout-flow wp-container-core-column-is-layout-75ddf757 wp-block-column-is-layout-flow\" style=\"padding-top:var(--wp--preset--spacing--60);padding-bottom:var(--wp--preset--spacing--60)\">\n<h3 class=\"wp-block-heading has-text-color has-link-color has-opensans-font-family has-h-4-font-size wp-elements-71b2cc924d1d13414d4fc19faf8face3\" style=\"color:#00175a\"><strong>Onnistuuko D-reseptin Pro:n kautta potilaan s\u00e4hk\u00f6inen asiointi?<\/strong><\/h3>\n\n\n\n<p class=\"has-text-color has-link-color has-opensans-font-family has-body-font-size wp-elements-e7313c45377c40cf0c6d651cfc51dbc1\" style=\"color:#00175a\">Kyll\u00e4! Potilaan k\u00e4ytt\u00f6liittym\u00e4 sis\u00e4lt\u00e4\u00e4 tarvittavat elementit koko hoitok\u00e4ynnin sujuvaan l\u00e4pivientiin: vahvan tunnistautumisen, esitietokyselyn, ajanvarauksen ja tarvittaessa keskusteluyhteyden. Asiointiv\u00e4yl\u00e4n k\u00e4yt\u00f6st\u00e4 veloitetaan palveluntarjoajaa 1 euro jokaista potilasta kohden.<\/p>\n<\/div>\n<\/div>\n\n\n\n<div class=\"wp-block-columns is-layout-flex wp-container-core-columns-is-layout-ebb8eb16 wp-block-columns-is-layout-flex\" style=\"margin-top:0;margin-bottom:0;padding-top:0;padding-right:var(--wp--preset--spacing--40);padding-bottom:0;padding-left:var(--wp--preset--spacing--40)\">\n<div class=\"wp-block-column grid-item-bottom is-layout-flow wp-container-core-column-is-layout-75ddf757 wp-block-column-is-layout-flow\" style=\"padding-top:var(--wp--preset--spacing--60);padding-bottom:var(--wp--preset--spacing--60)\">\n<h3 class=\"wp-block-heading has-text-align-center has-text-color has-link-color has-opensans-font-family has-h-4-font-size wp-elements-a55e04b6e5a2db97b8da4a3c7d91ae47\" style=\"color:#00175a\"><strong>Miten saan D-resepti Pro:n k\u00e4ytt\u00f6\u00f6ni?<\/strong><\/h3>\n\n\n\n<p class=\"has-text-align-left has-text-color has-link-color has-opensans-font-family has-body-font-size wp-elements-257981756788545317b4d38f230133e6\" style=\"color:#00175a\">Ota yhteys navigaatiopalkin painikkeesta tai soita suoraan&nbsp;09 6188 5593.<\/p>\n<\/div>\n<\/div>\n<\/div>\n\n\n\n<p><\/p>\n","protected":false},"excerpt":{"rendered":"<p>D-resepti Pro on kevyt ja moderni selainpohjainen potilastietoj\u00e4rjestelm\u00e4 itsen\u00e4iseen vastaanottoty\u00f6h\u00f6n. J\u00e4rjestelm\u00e4 on kustannustehokas, sill\u00e4 hinnoittelu perustuu toteutuneeseen potilasty\u00f6h\u00f6n eik\u00e4 kiinteisiin kuluihin. Potilaan k\u00e4ytt\u00f6liittym\u00e4 Tarjoamme alustan my\u00f6s potilaan k\u00e4ytt\u00f6liittym\u00e4lle, johon yksityinen palveluntuottaja p\u00e4\u00e4see valitsemaan haluamiansa ominaisuuksia sek\u00e4 omaan br\u00e4ndiin sopivan ilmeen. Tarvitset vain ammattitaitosi D-resepti Pro ja Potilaan k\u00e4ytt\u00f6liittym\u00e4 yhdess\u00e4 muodostavat perustan vastaanottotoiminnallesi. Ty\u00f6kalumme tarjoavat sek\u00e4 [&hellip;]<\/p>\n","protected":false},"author":3136,"featured_media":0,"parent":0,"menu_order":0,"comment_status":"closed","ping_status":"closed","template":"subsite-no-title","meta":{"footnotes":""},"class_list":["post-315","page","type-page","status-publish","hentry"],"_links":{"self":[{"href":"https:\/\/www.duodecim.fi\/kuurahealth\/wp-json\/wp\/v2\/pages\/315","targetHints":{"allow":["GET"]}}],"collection":[{"href":"https:\/\/www.duodecim.fi\/kuurahealth\/wp-json\/wp\/v2\/pages"}],"about":[{"href":"https:\/\/www.duodecim.fi\/kuurahealth\/wp-json\/wp\/v2\/types\/page"}],"author":[{"embeddable":true,"href":"https:\/\/www.duodecim.fi\/kuurahealth\/wp-json\/wp\/v2\/users\/3136"}],"replies":[{"embeddable":true,"href":"https:\/\/www.duodecim.fi\/kuurahealth\/wp-json\/wp\/v2\/comments?post=315"}],"version-history":[{"count":7,"href":"https:\/\/www.duodecim.fi\/kuurahealth\/wp-json\/wp\/v2\/pages\/315\/revisions"}],"predecessor-version":[{"id":1792,"href":"https:\/\/www.duodecim.fi\/kuurahealth\/wp-json\/wp\/v2\/pages\/315\/revisions\/1792"}],"wp:attachment":[{"href":"https:\/\/www.duodecim.fi\/kuurahealth\/wp-json\/wp\/v2\/media?parent=315"}],"curies":[{"name":"wp","href":"https:\/\/api.w.org\/{rel}","templated":true}]}}