{"id":13,"date":"2025-02-21T14:43:10","date_gmt":"2025-02-21T14:43:10","guid":{"rendered":"http:\/\/kuura-health.local\/?page_id=13"},"modified":"2026-03-25T16:18:15","modified_gmt":"2026-03-25T14:18:15","slug":"etusivu","status":"publish","type":"page","link":"https:\/\/www.duodecim.fi\/kuurahealth\/","title":{"rendered":"Kuura Health"},"content":{"rendered":"\n<div class=\"wp-block-columns is-layout-flex wp-container-core-columns-is-layout-8c3ed387 wp-block-columns-is-layout-flex\" style=\"margin-top:var(--wp--preset--spacing--30);margin-bottom:var(--wp--preset--spacing--30);padding-right:var(--wp--preset--spacing--40);padding-left:var(--wp--preset--spacing--40)\">\n<div class=\"wp-block-column is-layout-flow wp-block-column-is-layout-flow\">\n<h1 class=\"wp-block-heading has-text-align-center has-text-color has-link-color has-opensans-font-family has-h-2-font-size wp-elements-040577d568bb062e7f24dbe202775a0f\" style=\"color:#00175a;line-height:1.4\"><strong>Kuura health Oy edist\u00e4\u00e4 ammattilaisten toimintamahdollisuuksia digitalisoituvassa terveydenhuollossa<\/strong><\/h1>\n<\/div>\n<\/div>\n\n\n\n<div class=\"wp-block-cover alignwide\" style=\"margin-top:0;margin-bottom:0;padding-top:0;padding-bottom:0;min-height:491px;aspect-ratio:unset;\"><img loading=\"lazy\" decoding=\"async\" width=\"1587\" height=\"1058\" class=\"wp-block-cover__image-background wp-image-1288 size-full\" alt=\"Kuura Health Oy -sivujen kansikuva. Kaksi terveydenhuollon asiantuntijaa keskustelemassa.\" src=\"https:\/\/www.duodecim.fi\/kuurahealth\/wp-content\/uploads\/sites\/21\/2025\/12\/Kuura-Health-Oy_etusivun-kuva.png\" style=\"object-position:46% 30%\" data-object-fit=\"cover\" data-object-position=\"46% 30%\" srcset=\"https:\/\/www.duodecim.fi\/kuurahealth\/wp-content\/uploads\/sites\/21\/2025\/12\/Kuura-Health-Oy_etusivun-kuva.png 1587w, https:\/\/www.duodecim.fi\/kuurahealth\/wp-content\/uploads\/sites\/21\/2025\/12\/Kuura-Health-Oy_etusivun-kuva-300x200.png 300w, https:\/\/www.duodecim.fi\/kuurahealth\/wp-content\/uploads\/sites\/21\/2025\/12\/Kuura-Health-Oy_etusivun-kuva-1024x683.png 1024w, https:\/\/www.duodecim.fi\/kuurahealth\/wp-content\/uploads\/sites\/21\/2025\/12\/Kuura-Health-Oy_etusivun-kuva-768x512.png 768w, https:\/\/www.duodecim.fi\/kuurahealth\/wp-content\/uploads\/sites\/21\/2025\/12\/Kuura-Health-Oy_etusivun-kuva-1536x1024.png 1536w\" sizes=\"auto, (max-width: 1587px) 100vw, 1587px\" \/><span aria-hidden=\"true\" class=\"wp-block-cover__background has-tumma-sininen-background-color has-background-dim-0 has-background-dim\"><\/span><div class=\"wp-block-cover__inner-container has-global-padding is-layout-constrained wp-container-core-cover-is-layout-93f53ff7 wp-block-cover-is-layout-constrained\">\n<h1 class=\"wp-block-heading has-text-align-center has-large-font-size\"><\/h1>\n<\/div><\/div>\n\n\n\n<div class=\"wp-block-group has-base-background-color has-background has-global-padding is-layout-constrained wp-block-group-is-layout-constrained\">\n<div class=\"wp-block-group has-global-padding is-layout-constrained wp-container-core-group-is-layout-97829e9f wp-block-group-is-layout-constrained\" style=\"padding-right:var(--wp--preset--spacing--40);padding-left:var(--wp--preset--spacing--40)\">\n<p class=\"has-text-align-center has-tumma-sininen-color has-text-color has-link-color has-h-5-font-size wp-elements-dc5bc5e66032a49456642f3f331cc321\" style=\"margin-top:var(--wp--preset--spacing--50);margin-right:var(--wp--preset--spacing--40);margin-bottom:var(--wp--preset--spacing--50);margin-left:var(--wp--preset--spacing--40)\"><strong>Kuura Health Oy on Kustannus Oy Duodecimin 100 % omistama tyt\u00e4ryhti\u00f6<\/strong>. Tavoitteenamme on edist\u00e4\u00e4 kansalaisten terveytt\u00e4 ja ammattilaisten toimintamahdollisuuksia digitalisoituvassa terveydenhuollossa, noudattaen omistajamme ja Suomalaisen L\u00e4\u00e4k\u00e4riseuran Duodecimin arvoja.<\/p>\n\n\n\n<hr class=\"wp-block-separator has-text-color has-tumma-sininen-color has-alpha-channel-opacity has-tumma-sininen-background-color has-background\" style=\"margin-top:0;margin-bottom:0\" \/>\n<\/div>\n\n\n\n<div class=\"wp-block-group has-global-padding is-layout-constrained wp-container-core-group-is-layout-97829e9f wp-block-group-is-layout-constrained\" style=\"padding-right:var(--wp--preset--spacing--40);padding-left:var(--wp--preset--spacing--40)\">\n<h2 class=\"wp-block-heading has-text-align-center has-tumma-sininen-color has-text-color has-link-color has-h-2-font-size wp-elements-92917a9ac274fb7c9ad952914133f880\" style=\"margin-top:var(--wp--preset--spacing--60);padding-right:var(--wp--preset--spacing--40);padding-left:var(--wp--preset--spacing--40)\">Vastaamme l\u00e4\u00e4k\u00e4rin ja l\u00e4\u00e4ketieteen opiskelijan arjen tarpeisiin<\/h2>\n\n\n\n<div class=\"wp-block-columns subsite-four-columns is-layout-flex wp-container-core-columns-is-layout-7965426b wp-block-columns-is-layout-flex\" style=\"margin-top:var(--wp--preset--spacing--50);margin-bottom:var(--wp--preset--spacing--50)\">\n<div class=\"wp-block-column is-layout-flow wp-container-core-column-is-layout-720508d3 wp-block-column-is-layout-flow\" style=\"padding-top:var(--wp--preset--spacing--30);padding-bottom:var(--wp--preset--spacing--30)\">\n<h3 class=\"wp-block-heading has-tumma-sininen-color has-text-color has-link-color has-h-5-font-size wp-elements-06bd564c1c2d2cdfa0b5ed0e1f884d32\" style=\"line-height:1.5\"><strong>Hoida l\u00e4heisi\u00e4si ja itse\u00e4si vastuullisesti<\/strong><\/h3>\n\n\n\n<p class=\"has-tumma-sininen-color has-text-color has-link-color has-body-font-size wp-elements-80e7d08ee0306af738fe159bbe676240\" style=\"line-height:1.5\">L\u00e4\u00e4k\u00e4rit kohtaavat arjessaan tilanteita, joissa he ottavat hoitovastuun ilman p\u00e4\u00e4sy\u00e4 potilastietoihin tai mahdollisuutta kirjata antamaansa hoitoa, esim. hoitaessaan omaa perheenj\u00e4sent\u00e4\u00e4n tai l\u00e4heist\u00e4\u00e4n kotona.<br><br>D-resepti parantaa hoidon jatkuvuutta mahdollistamalla asianmukaisten potilasasiakirjamerkint\u00f6jen teon Kanta-arkistoon \u2013 ajasta ja paikasta riippumatta.&nbsp;<\/p>\n\n\n\n<div class=\"wp-block-buttons is-layout-flex wp-block-buttons-is-layout-flex\">\n<div class=\"wp-block-button\"><a class=\"wp-block-button__link has-base-color has-tumma-sininen-background-color has-text-color has-background has-link-color wp-element-button\" href=\"https:\/\/www.duodecim.fi\/kuurahealth\/d-resepti\/\" style=\"padding-top:var(--wp--preset--spacing--20);padding-bottom:var(--wp--preset--spacing--20)\">D-resepti<\/a><\/div>\n<\/div>\n<\/div>\n\n\n\n<div class=\"wp-block-column is-layout-flow wp-container-core-column-is-layout-720508d3 wp-block-column-is-layout-flow\" style=\"padding-top:var(--wp--preset--spacing--30);padding-bottom:var(--wp--preset--spacing--30)\">\n<h3 class=\"wp-block-heading has-tumma-sininen-color has-text-color has-link-color has-h-5-font-size wp-elements-d21708650d2a5e3f27fe5e4b6972a574\" style=\"line-height:1.5\"><strong>Kevyet ty\u00f6kalut ammatinharjoittamiseen<\/strong><\/h3>\n\n\n\n<p class=\"has-tumma-sininen-color has-text-color has-link-color has-body-font-size wp-elements-483c2d96b574076e24a3d411f98116d9\" style=\"line-height:1.5\">D-resepti Pro ja Potilaan k\u00e4ytt\u00f6liittym\u00e4 yhdess\u00e4 muodostavat perustan vastaanottotoiminnalle.<br><br>Kevyen potilastietoj\u00e4rjestelm\u00e4n hinnoittelu on selke\u00e4 ja riskit\u00f6n. Hinnoittelu perustuu toteutuneeseen potilasty\u00f6h\u00f6n eik\u00e4 kiinteisiin kuluihin.<\/p>\n\n\n\n<div class=\"wp-block-buttons is-layout-flex wp-block-buttons-is-layout-flex\">\n<div class=\"wp-block-button\"><a class=\"wp-block-button__link has-base-color has-tumma-sininen-background-color has-text-color has-background has-link-color wp-element-button\" href=\"https:\/\/www.duodecim.fi\/kuurahealth\/d-resepti-pro\/\" style=\"padding-top:var(--wp--preset--spacing--20);padding-bottom:var(--wp--preset--spacing--20)\">D-resepti Pro<\/a><\/div>\n<\/div>\n<\/div>\n\n\n\n<div class=\"wp-block-column is-layout-flow wp-container-core-column-is-layout-720508d3 wp-block-column-is-layout-flow\" style=\"padding-top:var(--wp--preset--spacing--30);padding-bottom:var(--wp--preset--spacing--30)\">\n<h3 class=\"wp-block-heading has-tumma-sininen-color has-text-color has-link-color has-h-5-font-size wp-elements-fbdc3be84fcca98bb1e1716b985473cd\" style=\"line-height:1.5\"><strong>Teko\u00e4lysovellus opiskelujen tueksi<\/strong><\/h3>\n\n\n\n<p class=\"has-tumma-sininen-color has-text-color has-link-color has-body-font-size wp-elements-0623f24616470f3159dfa64f88beb55d\" style=\"line-height:1.5\">D-mentori on keskusteleva teko\u00e4lysovellus, joka perustaa vastauksensa Duodecimin luotettaviin aineistoihin. <br><br>Se auttaa ymm\u00e4rt\u00e4m\u00e4\u00e4n ilmi\u00f6it\u00e4, j\u00e4sent\u00e4m\u00e4\u00e4n tietoa ja tukee oppimista ilman, ett\u00e4 se korvaa kliinist\u00e4 harkintaa. D-mentori ei k\u00e4sittele potilastietoja eik\u00e4 sovellu hoitop\u00e4\u00e4t\u00f6sten tekemiseen, vaan toimii apuv\u00e4lineen\u00e4 oman tiedon ja ajattelun kehitt\u00e4misess\u00e4.<\/p>\n\n\n\n<div class=\"wp-block-buttons is-layout-flex wp-block-buttons-is-layout-flex\">\n<div class=\"wp-block-button\"><a class=\"wp-block-button__link has-base-color has-tumma-sininen-background-color has-text-color has-background has-link-color wp-element-button\" href=\"https:\/\/www.duodecim.fi\/kuurahealth\/d-mentori\/\" style=\"padding-top:var(--wp--preset--spacing--20);padding-bottom:var(--wp--preset--spacing--20)\">D-mentori<\/a><\/div>\n<\/div>\n<\/div>\n<\/div>\n<\/div>\n\n\n\n<p><\/p>\n<\/div>\n\n\n\n<div class=\"wp-block-group kuura-slider is-vertical is-content-justification-center is-layout-flex wp-container-core-group-is-layout-e072a6cc wp-block-group-is-layout-flex\" style=\"margin-top:var(--wp--preset--spacing--50)\">\n<div class=\"wp-block-columns kuura-slide is-layout-flex wp-container-core-columns-is-layout-28232c24 wp-block-columns-is-layout-flex\">\n<div class=\"wp-block-column is-vertically-aligned-stretch slide-content slide-text has-tumma-sininen-background-color has-background is-layout-flow wp-block-column-is-layout-flow\" style=\"padding-top:0;padding-right:0;padding-bottom:0;padding-left:0;flex-basis:50%\">\n<div class=\"wp-block-group has-global-padding is-content-justification-center is-layout-constrained wp-container-core-group-is-layout-8707f5ff wp-block-group-is-layout-constrained\" style=\"padding-top:var(--wp--preset--spacing--50);padding-right:var(--wp--preset--spacing--70);padding-bottom:var(--wp--preset--spacing--50);padding-left:var(--wp--preset--spacing--70)\">\n<h3 class=\"wp-block-heading has-base-color has-text-color has-link-color has-h-3-font-size wp-elements-5d71f3f0feadaf7533b66046edd1f86b\" style=\"line-height:1.5\"><strong>D-reseptiss\u00e4 voi nyt tehd\u00e4 l\u00e4hetteit\u00e4<\/strong><\/h3>\n\n\n\n<p class=\"has-base-color has-text-color has-link-color has-body-font-size wp-elements-5ba9b14b97ba1f8eb17e2ee25e05907f\" style=\"line-height:1.7\">L\u00e4\u00e4k\u00e4ri voi nyt laatia tutkimusl\u00e4hetteit\u00e4 Synlabiin ja sairaalal\u00e4hetteit\u00e4 suoraan hoidon yhteydess\u00e4.<\/p>\n\n\n\n<div class=\"wp-block-buttons is-layout-flex wp-block-buttons-is-layout-flex\">\n<div class=\"wp-block-button\"><a class=\"wp-block-button__link has-tumma-sininen-color has-base-background-color has-text-color has-background has-link-color has-body-font-size has-custom-font-size wp-element-button\" href=\"https:\/\/www.duodecim.fi\/2026\/03\/25\/d-reseptissa-voi-nyt-tehda-lahetteita\/?utm_source=kuura_sivut&amp;utm_medium=karuselli&amp;utm_campaign=dresepti\" target=\"_blank\" rel=\"noreferrer noopener\">Lue uutinen<\/a><\/div>\n<\/div>\n<\/div>\n<\/div>\n\n\n\n<div class=\"wp-block-column is-vertically-aligned-stretch slide-content slide-img is-layout-flow wp-block-column-is-layout-flow\" style=\"flex-basis:50%\">\n<div class=\"wp-block-cover is-light\" style=\"min-height:100%;aspect-ratio:unset;\"><img loading=\"lazy\" decoding=\"async\" width=\"1024\" height=\"536\" class=\"wp-block-cover__image-background wp-image-1786 size-large\" alt=\"L\u00e4hetteet-n\u00e4kym\u00e4 D-reseptiss\u00e4\" src=\"https:\/\/www.duodecim.fi\/kuurahealth\/wp-content\/uploads\/sites\/21\/2026\/03\/Uutiskuva-lahetteet-1024x536.png\" style=\"object-position:10% 50%\" data-object-fit=\"cover\" data-object-position=\"10% 50%\" srcset=\"https:\/\/www.duodecim.fi\/kuurahealth\/wp-content\/uploads\/sites\/21\/2026\/03\/Uutiskuva-lahetteet-1024x536.png 1024w, https:\/\/www.duodecim.fi\/kuurahealth\/wp-content\/uploads\/sites\/21\/2026\/03\/Uutiskuva-lahetteet-300x157.png 300w, https:\/\/www.duodecim.fi\/kuurahealth\/wp-content\/uploads\/sites\/21\/2026\/03\/Uutiskuva-lahetteet-768x402.png 768w, https:\/\/www.duodecim.fi\/kuurahealth\/wp-content\/uploads\/sites\/21\/2026\/03\/Uutiskuva-lahetteet.png 1200w\" sizes=\"auto, (max-width: 1024px) 100vw, 1024px\" \/><span aria-hidden=\"true\" class=\"wp-block-cover__background has-background-dim-0 has-background-dim\"><\/span><div class=\"wp-block-cover__inner-container has-global-padding is-layout-constrained wp-block-cover-is-layout-constrained\">\n<p class=\"has-text-align-center has-large-font-size\"><\/p>\n<\/div><\/div>\n<\/div>\n<\/div>\n\n\n\n<div class=\"wp-block-columns kuura-slide is-layout-flex wp-container-core-columns-is-layout-28232c24 wp-block-columns-is-layout-flex\">\n<div class=\"wp-block-column is-vertically-aligned-stretch slide-content slide-text has-tumma-sininen-background-color has-background is-layout-flow wp-block-column-is-layout-flow\" style=\"padding-top:0;padding-right:0;padding-bottom:0;padding-left:0;flex-basis:50%\">\n<div class=\"wp-block-group has-global-padding is-layout-constrained wp-container-core-group-is-layout-02315eba wp-block-group-is-layout-constrained\" style=\"padding-top:var(--wp--preset--spacing--50);padding-right:var(--wp--preset--spacing--70);padding-bottom:var(--wp--preset--spacing--50);padding-left:var(--wp--preset--spacing--70)\">\n<h3 class=\"wp-block-heading has-base-color has-text-color has-link-color has-h-3-font-size wp-elements-03ee334c2c34b174f8ed5f4beab66f81\" style=\"line-height:1.5\"><strong>L\u00e4\u00e4k\u00e4rin\u00e4 ty\u00f6vuoron j\u00e4lkeenkin?<\/strong><\/h3>\n\n\n\n<p class=\"has-base-color has-text-color has-link-color has-body-font-size wp-elements-514ccd038a1d76f6fe238edd55ed645c\" style=\"line-height:1.7\">D-resepti ei ole vain tekninen ratkaisu, vaan askel kohti vastuullisempaa l\u00e4\u00e4k\u00e4riyden harjoittamista virkaty\u00f6n ulkopuolella.<\/p>\n\n\n\n<div class=\"wp-block-buttons is-layout-flex wp-block-buttons-is-layout-flex\">\n<div class=\"wp-block-button\"><a class=\"wp-block-button__link has-tumma-sininen-color has-base-background-color has-text-color has-background has-link-color has-body-font-size has-custom-font-size wp-element-button\" href=\"https:\/\/www.duodecim.fi\/2025\/11\/05\/laakarina-tyovuoron-jalkeenkin-d-reseptilla-hoidat-laheisia-vastuullisesti\/?utm_source=kuura_sivut&amp;utm_medium=karuselli&amp;utm_campaign=dresepti\" target=\"_blank\" rel=\"noreferrer noopener\">Lue blogi<\/a><\/div>\n<\/div>\n<\/div>\n<\/div>\n\n\n\n<div class=\"wp-block-column is-vertically-aligned-stretch slide-content slide-img is-layout-flow wp-block-column-is-layout-flow\" style=\"flex-basis:50%\">\n<div class=\"wp-block-cover is-light\" style=\"min-height:100%;aspect-ratio:unset;\"><img loading=\"lazy\" decoding=\"async\" width=\"1024\" height=\"536\" class=\"wp-block-cover__image-background wp-image-1489 size-large\" alt=\"\" src=\"https:\/\/www.duodecim.fi\/kuurahealth\/wp-content\/uploads\/sites\/21\/2025\/12\/Paivi-Metsaniemi-ja-Jani-Tikkanen_D-resepti_blogi-1024x536.png\" data-object-fit=\"cover\" srcset=\"https:\/\/www.duodecim.fi\/kuurahealth\/wp-content\/uploads\/sites\/21\/2025\/12\/Paivi-Metsaniemi-ja-Jani-Tikkanen_D-resepti_blogi-1024x536.png 1024w, https:\/\/www.duodecim.fi\/kuurahealth\/wp-content\/uploads\/sites\/21\/2025\/12\/Paivi-Metsaniemi-ja-Jani-Tikkanen_D-resepti_blogi-300x157.png 300w, https:\/\/www.duodecim.fi\/kuurahealth\/wp-content\/uploads\/sites\/21\/2025\/12\/Paivi-Metsaniemi-ja-Jani-Tikkanen_D-resepti_blogi-768x402.png 768w, https:\/\/www.duodecim.fi\/kuurahealth\/wp-content\/uploads\/sites\/21\/2025\/12\/Paivi-Metsaniemi-ja-Jani-Tikkanen_D-resepti_blogi.png 1200w\" sizes=\"auto, (max-width: 1024px) 100vw, 1024px\" \/><span aria-hidden=\"true\" class=\"wp-block-cover__background has-background-dim-0 has-background-dim\"><\/span><div class=\"wp-block-cover__inner-container has-global-padding is-layout-constrained wp-block-cover-is-layout-constrained\">\n<p class=\"has-text-align-center has-large-font-size\"><\/p>\n<\/div><\/div>\n<\/div>\n<\/div>\n\n\n\n<div class=\"wp-block-columns kuura-slide is-layout-flex wp-container-core-columns-is-layout-28232c24 wp-block-columns-is-layout-flex\">\n<div class=\"wp-block-column is-vertically-aligned-stretch slide-content slide-text has-tumma-sininen-background-color has-background is-layout-flow wp-block-column-is-layout-flow\" style=\"padding-top:0;padding-right:0;padding-bottom:0;padding-left:0;flex-basis:50%\">\n<div class=\"wp-block-group has-global-padding is-layout-constrained wp-container-core-group-is-layout-02315eba wp-block-group-is-layout-constrained\" style=\"padding-top:var(--wp--preset--spacing--50);padding-right:var(--wp--preset--spacing--70);padding-bottom:var(--wp--preset--spacing--50);padding-left:var(--wp--preset--spacing--70)\">\n<h3 class=\"wp-block-heading has-base-color has-text-color has-link-color has-h-3-font-size wp-elements-337eb540d67e45661be520b305ad07ce\" style=\"line-height:1.5\"><strong>Luotettavampaa teko\u00e4ly\u00e4<\/strong><\/h3>\n\n\n\n<p class=\"has-base-color has-text-color has-link-color has-body-font-size wp-elements-1b8c35f3c47585de943ac706d8df6d02\" style=\"line-height:1.7\">Viimeist\u00e4\u00e4n nyt suurten kielimallien valtavirtaistuessa, teko\u00e4lyn perusteiden ymm\u00e4rt\u00e4minen on v\u00e4ltt\u00e4m\u00e4t\u00f6nt\u00e4 kliinikoille ja terveydenhuollon kehityksest\u00e4 p\u00e4\u00e4tt\u00e4ville johtajille.<\/p>\n\n\n\n<div class=\"wp-block-buttons is-layout-flex wp-block-buttons-is-layout-flex\">\n<div class=\"wp-block-button\"><a class=\"wp-block-button__link has-tumma-sininen-color has-base-background-color has-text-color has-background has-link-color wp-element-button\" href=\"https:\/\/www.duodecim.fi\/2025\/10\/22\/luotettavampaa-tekoalya\/\" target=\"_blank\" rel=\"noreferrer noopener\">Lue blogi<\/a><\/div>\n<\/div>\n<\/div>\n<\/div>\n\n\n\n<div class=\"wp-block-column is-vertically-aligned-stretch slide-content slide-img is-layout-flow wp-block-column-is-layout-flow\" style=\"flex-basis:50%\">\n<div class=\"wp-block-cover\" style=\"min-height:100%;aspect-ratio:unset;\"><img loading=\"lazy\" decoding=\"async\" width=\"1024\" height=\"810\" class=\"wp-block-cover__image-background wp-image-1522 size-large\" alt=\"Kuura Health Oy:n teknologiajohtaja Samuli Asmala ja toimitusjohtaja Jani Tikkanen\" src=\"https:\/\/www.duodecim.fi\/kuurahealth\/wp-content\/uploads\/sites\/21\/2025\/12\/Samuli-Asmala-ja-Jani-Tikkanen_tekoaly_blogi-1024x810.png\" data-object-fit=\"cover\" srcset=\"https:\/\/www.duodecim.fi\/kuurahealth\/wp-content\/uploads\/sites\/21\/2025\/12\/Samuli-Asmala-ja-Jani-Tikkanen_tekoaly_blogi-1024x810.png 1024w, https:\/\/www.duodecim.fi\/kuurahealth\/wp-content\/uploads\/sites\/21\/2025\/12\/Samuli-Asmala-ja-Jani-Tikkanen_tekoaly_blogi-300x237.png 300w, https:\/\/www.duodecim.fi\/kuurahealth\/wp-content\/uploads\/sites\/21\/2025\/12\/Samuli-Asmala-ja-Jani-Tikkanen_tekoaly_blogi-768x608.png 768w, https:\/\/www.duodecim.fi\/kuurahealth\/wp-content\/uploads\/sites\/21\/2025\/12\/Samuli-Asmala-ja-Jani-Tikkanen_tekoaly_blogi.png 1394w\" sizes=\"auto, (max-width: 1024px) 100vw, 1024px\" \/><span aria-hidden=\"true\" class=\"wp-block-cover__background has-background-dim-0 has-background-dim\"><\/span><div class=\"wp-block-cover__inner-container has-global-padding is-layout-constrained wp-block-cover-is-layout-constrained\">\n<p class=\"has-text-align-center has-large-font-size\"><\/p>\n<\/div><\/div>\n<\/div>\n<\/div>\n<\/div>\n","protected":false},"excerpt":{"rendered":"<p>Kuura health Oy edist\u00e4\u00e4 ammattilaisten toimintamahdollisuuksia digitalisoituvassa terveydenhuollossa Kuura Health Oy on Kustannus Oy Duodecimin 100 % omistama tyt\u00e4ryhti\u00f6. Tavoitteenamme on edist\u00e4\u00e4 kansalaisten terveytt\u00e4 ja ammattilaisten toimintamahdollisuuksia digitalisoituvassa terveydenhuollossa, noudattaen omistajamme ja Suomalaisen L\u00e4\u00e4k\u00e4riseuran Duodecimin arvoja. Vastaamme l\u00e4\u00e4k\u00e4rin ja l\u00e4\u00e4ketieteen opiskelijan arjen tarpeisiin Hoida l\u00e4heisi\u00e4si ja itse\u00e4si vastuullisesti L\u00e4\u00e4k\u00e4rit kohtaavat arjessaan tilanteita, joissa he ottavat [&hellip;]<\/p>\n","protected":false},"author":3136,"featured_media":0,"parent":0,"menu_order":0,"comment_status":"closed","ping_status":"closed","template":"page-no-title","meta":{"footnotes":""},"class_list":["post-13","page","type-page","status-publish","hentry"],"_links":{"self":[{"href":"https:\/\/www.duodecim.fi\/kuurahealth\/wp-json\/wp\/v2\/pages\/13","targetHints":{"allow":["GET"]}}],"collection":[{"href":"https:\/\/www.duodecim.fi\/kuurahealth\/wp-json\/wp\/v2\/pages"}],"about":[{"href":"https:\/\/www.duodecim.fi\/kuurahealth\/wp-json\/wp\/v2\/types\/page"}],"author":[{"embeddable":true,"href":"https:\/\/www.duodecim.fi\/kuurahealth\/wp-json\/wp\/v2\/users\/3136"}],"replies":[{"embeddable":true,"href":"https:\/\/www.duodecim.fi\/kuurahealth\/wp-json\/wp\/v2\/comments?post=13"}],"version-history":[{"count":10,"href":"https:\/\/www.duodecim.fi\/kuurahealth\/wp-json\/wp\/v2\/pages\/13\/revisions"}],"predecessor-version":[{"id":1790,"href":"https:\/\/www.duodecim.fi\/kuurahealth\/wp-json\/wp\/v2\/pages\/13\/revisions\/1790"}],"wp:attachment":[{"href":"https:\/\/www.duodecim.fi\/kuurahealth\/wp-json\/wp\/v2\/media?parent=13"}],"curies":[{"name":"wp","href":"https:\/\/api.w.org\/{rel}","templated":true}]}}