{"id":562,"date":"2015-11-06T08:48:35","date_gmt":"2015-11-06T06:48:35","guid":{"rendered":"http:\/\/c20102plsrv24.duodecim.fi\/english\/?page_id=562"},"modified":"2015-12-29T10:53:16","modified_gmt":"2015-12-29T08:53:16","slug":"the-finnish-medical-society-duodecim","status":"publish","type":"page","link":"https:\/\/www.duodecim.fi\/english\/duodecim\/the-finnish-medical-society-duodecim\/","title":{"rendered":"The Finnish Medical Society Duodecim"},"content":{"rendered":"<p>The Finnish Medical Society Duodecim is Finland\u2019s largest scientific association. It exists to develop the professional skills and clinical practice of doctors through continuing education, publications and research grants. Established in 1881, Duodecim\u2019s membership today comprises more than 22,000 doctors (almost 90% of Finland\u2019s doctors) and medical students, and almost 100 medical associations.<\/p>\n<p>The Society plays an active role in the development of the healthcare system by, for example, taking part in public debate on issues, preparing national Current Care Guidelines and arranging meetings of different kinds. With the aid of continuing education and publications, the Society supports the career development of medical professionals. Each year, the Society also confers the country\u2019s most prestigious medical awards, the Matti \u00c4yr\u00e4p\u00e4\u00e4 Award and the Konrad ReijoWaara Award, along with other awards. It also issues Current Care and teaching grants each year.<\/p>\n","protected":false},"excerpt":{"rendered":"<p>The Finnish Medical Society Duodecim is Finland\u2019s largest scientific association. It exists to develop the professional skills and clinical practice of doctors through continuing education, publications and research grants. Established in 1881, Duodecim\u2019s membership today comprises more than 22,000 doctors (almost 90% of Finland\u2019s doctors) and medical students, and almost 100 medical associations. The Society [&hellip;]<\/p>\n","protected":false},"author":746,"featured_media":652,"parent":447,"menu_order":0,"comment_status":"closed","ping_status":"closed","template":"","meta":{"_acf_changed":false,"footnotes":""},"tags":[],"page_categories":[3],"class_list":["post-562","page","type-page","status-publish","has-post-thumbnail","hentry","page_categories-duodecim"],"acf":[],"_links":{"self":[{"href":"https:\/\/www.duodecim.fi\/english\/wp-json\/wp\/v2\/pages\/562","targetHints":{"allow":["GET"]}}],"collection":[{"href":"https:\/\/www.duodecim.fi\/english\/wp-json\/wp\/v2\/pages"}],"about":[{"href":"https:\/\/www.duodecim.fi\/english\/wp-json\/wp\/v2\/types\/page"}],"author":[{"embeddable":true,"href":"https:\/\/www.duodecim.fi\/english\/wp-json\/wp\/v2\/users\/746"}],"replies":[{"embeddable":true,"href":"https:\/\/www.duodecim.fi\/english\/wp-json\/wp\/v2\/comments?post=562"}],"version-history":[{"count":2,"href":"https:\/\/www.duodecim.fi\/english\/wp-json\/wp\/v2\/pages\/562\/revisions"}],"predecessor-version":[{"id":621,"href":"https:\/\/www.duodecim.fi\/english\/wp-json\/wp\/v2\/pages\/562\/revisions\/621"}],"up":[{"embeddable":true,"href":"https:\/\/www.duodecim.fi\/english\/wp-json\/wp\/v2\/pages\/447"}],"wp:featuredmedia":[{"embeddable":true,"href":"https:\/\/www.duodecim.fi\/english\/wp-json\/wp\/v2\/media\/652"}],"wp:attachment":[{"href":"https:\/\/www.duodecim.fi\/english\/wp-json\/wp\/v2\/media?parent=562"}],"wp:term":[{"taxonomy":"post_tag","embeddable":true,"href":"https:\/\/www.duodecim.fi\/english\/wp-json\/wp\/v2\/tags?post=562"},{"taxonomy":"page_categories","embeddable":true,"href":"https:\/\/www.duodecim.fi\/english\/wp-json\/wp\/v2\/page_categories?post=562"}],"curies":[{"name":"wp","href":"https:\/\/api.w.org\/{rel}","templated":true}]}}