{"id":978,"date":"2025-05-02T09:45:42","date_gmt":"2025-05-02T06:45:42","guid":{"rendered":"https:\/\/ebmedsdev.alfonsdigital.dev\/?page_id=978"},"modified":"2026-03-06T14:32:50","modified_gmt":"2026-03-06T12:32:50","slug":"symptom-checkers-sv","status":"publish","type":"page","link":"https:\/\/www.duodecim.fi\/ebmeds\/sv\/symptom-checkers-sv\/","title":{"rendered":"Symptom Checkers"},"content":{"rendered":"\n<div class=\"wp-block-group has-global-padding is-layout-constrained wp-container-core-group-is-layout-5afeb8b5 wp-block-group-is-layout-constrained\" style=\"padding-top:var(--wp--preset--spacing--50);padding-right:var(--wp--preset--spacing--40);padding-bottom:0;padding-left:var(--wp--preset--spacing--40)\">\n<figure class=\"wp-block-image aligncenter size-full is-resized subsite-nav-logo\"><img decoding=\"async\" src=\"https:\/\/www.duodecim.fi\/ebmeds\/wp-content\/uploads\/sites\/20\/2025\/06\/Symptom_Checkers.svg\" alt=\"\" class=\"wp-image-1216\" style=\"width:auto;height:45px\"\/><\/figure>\n\n\n\n<h1 class=\"wp-block-heading has-text-align-center has-tumma-sininen-color has-text-color has-link-color has-h-1-font-size wp-elements-260ce9238cf60694758873ca4866c1d0\" style=\"margin-top:var(--wp--preset--spacing--40);margin-bottom:var(--wp--preset--spacing--50);padding-right:0;padding-left:0;line-height:1.3\">Smidigare tj\u00e4nster med hj\u00e4lp av digital sj\u00e4lvutv\u00e4rdering<\/h1>\n<\/div>\n\n\n\n<div class=\"wp-block-cover alignwide\" style=\"margin-top:0;margin-bottom:0;padding-top:0;padding-bottom:0\"><img loading=\"lazy\" decoding=\"async\" width=\"1024\" height=\"413\" class=\"wp-block-cover__image-background wp-image-1283 size-large\" alt=\"\" src=\"https:\/\/www.duodecim.fi\/ebmeds\/wp-content\/uploads\/sites\/20\/2025\/08\/Oirearviot_hero-scaled-1-1024x413.jpeg\" data-object-fit=\"cover\" srcset=\"https:\/\/www.duodecim.fi\/ebmeds\/wp-content\/uploads\/sites\/20\/2025\/08\/Oirearviot_hero-scaled-1-1024x413.jpeg 1024w, https:\/\/www.duodecim.fi\/ebmeds\/wp-content\/uploads\/sites\/20\/2025\/08\/Oirearviot_hero-scaled-1-300x121.jpeg 300w, https:\/\/www.duodecim.fi\/ebmeds\/wp-content\/uploads\/sites\/20\/2025\/08\/Oirearviot_hero-scaled-1-768x310.jpeg 768w, https:\/\/www.duodecim.fi\/ebmeds\/wp-content\/uploads\/sites\/20\/2025\/08\/Oirearviot_hero-scaled-1-1536x619.jpeg 1536w, https:\/\/www.duodecim.fi\/ebmeds\/wp-content\/uploads\/sites\/20\/2025\/08\/Oirearviot_hero-scaled-1-2048x826.jpeg 2048w\" sizes=\"auto, (max-width: 1024px) 100vw, 1024px\" \/><span aria-hidden=\"true\" class=\"wp-block-cover__background has-background-dim-0 has-background-dim\"><\/span><div class=\"wp-block-cover__inner-container has-global-padding is-layout-constrained wp-container-core-cover-is-layout-93f53ff7 wp-block-cover-is-layout-constrained\">\n<p class=\"has-text-align-center has-large-font-size\"><\/p>\n<\/div><\/div>\n\n\n\n<div class=\"wp-block-group has-global-padding is-layout-constrained wp-block-group-is-layout-constrained\">\n<div class=\"wp-block-columns is-layout-flex wp-container-core-columns-is-layout-fcacad70 wp-block-columns-is-layout-flex\" style=\"margin-top:var(--wp--preset--spacing--70);margin-bottom:var(--wp--preset--spacing--70)\">\n<div class=\"wp-block-column is-layout-flow wp-block-column-is-layout-flow\" style=\"padding-right:var(--wp--preset--spacing--40);padding-left:var(--wp--preset--spacing--40);flex-basis:25%\">\n<h2 class=\"wp-block-heading has-tumma-sininen-color has-text-color has-link-color has-h-3-font-size wp-elements-a5767a4e43176bfadeb357899b033893\" style=\"line-height:1.4\">Duodecim Symptom Checkers<\/h2>\n<\/div>\n\n\n\n<div class=\"wp-block-column is-layout-flow wp-container-core-column-is-layout-faf1bbce wp-block-column-is-layout-flow\" style=\"padding-right:var(--wp--preset--spacing--40);padding-left:var(--wp--preset--spacing--40);flex-basis:60%\">\n<p class=\"has-tumma-sininen-color has-text-color has-link-color has-body-font-size wp-elements-ff810c7121b650f1b14ac2599c605bbf\" style=\"line-height:1.5\"><strong>Duodecim Symptom Checkers har skapats f\u00f6r att effektivisera arbetet f\u00f6r v\u00e5rdpersonal och -organisationer.Med denna tj\u00e4nst kan patienter sj\u00e4lva fylla i en digital symptombed\u00f6mning som kan anv\u00e4ndas av v\u00e5rdpersonalen f\u00f6r att avg\u00f6ra hur stort och br\u00e5dskande behovet av v\u00e5rd \u00e4r.<\/strong><\/p>\n\n\n\n<p class=\"has-tumma-sininen-color has-text-color has-link-color has-body-font-size wp-elements-3bf0814894dfc4c5ff7817dc4036281e\" style=\"line-height:1.5\">Symptom Checkers hj\u00e4lper v\u00e5rdpersonal att prioritera patienter och fokusera p\u00e5 de mest akuta behoven. Icke-akuta patienter kan behandlas digitalt eller h\u00e4nvisas till egenv\u00e5rd. Detta g\u00f6r att organisationens resurser kan f\u00f6rdelas s\u00e5 effektivt som m\u00f6jligt.<\/p>\n\n\n\n<p class=\"has-tumma-sininen-color has-text-color has-link-color has-body-font-size wp-elements-1b68992369a0fb0ba7474284b240f6bb\" style=\"line-height:1.5\">Fr\u00e5n patientens perspektiv s\u00e4nker Symptom Checkers tr\u00f6skeln f\u00f6r att s\u00f6ka information. N\u00e4r tillf\u00f6rlitlig information \u00e4r l\u00e4ttillg\u00e4nglig kan patienter agera proaktivt och st\u00e4rka sitt engagemang f\u00f6r att fr\u00e4mja den egna h\u00e4lsan.<\/p>\n<\/div>\n<\/div>\n\n\n\n<div class=\"wp-block-columns is-layout-flex wp-container-core-columns-is-layout-954ec4bb wp-block-columns-is-layout-flex\" style=\"padding-right:var(--wp--preset--spacing--40);padding-left:var(--wp--preset--spacing--40)\">\n<div class=\"wp-block-column is-layout-flow wp-block-column-is-layout-flow\">\n<hr class=\"wp-block-separator has-text-color has-tumma-sininen-color has-alpha-channel-opacity has-tumma-sininen-background-color has-background\" style=\"margin-top:0;margin-bottom:0\"\/>\n<\/div>\n<\/div>\n\n\n\n<div class=\"wp-block-group has-global-padding is-layout-constrained wp-block-group-is-layout-constrained\">\n<h2 class=\"wp-block-heading has-tumma-sininen-color has-text-color has-link-color has-h-3-font-size wp-elements-9c8a027d09d6827bb48b44dad15725cb\" style=\"margin-top:var(--wp--preset--spacing--60);padding-right:var(--wp--preset--spacing--40);padding-left:var(--wp--preset--spacing--40)\">S\u00e5 hj\u00e4lper Duodecim Symptom Checkers v\u00e5rdpersonal och -organisationer:<\/h2>\n\n\n\n<div class=\"wp-block-columns subsite-four-columns icon-columns is-layout-flex wp-container-core-columns-is-layout-ec876f46 wp-block-columns-is-layout-flex\" style=\"margin-top:var(--wp--preset--spacing--60);margin-bottom:var(--wp--preset--spacing--60);padding-right:var(--wp--preset--spacing--40);padding-left:var(--wp--preset--spacing--40)\">\n<div class=\"wp-block-column is-layout-flow wp-container-core-column-is-layout-f5bb311e wp-block-column-is-layout-flow\">\n<figure class=\"wp-block-image size-full is-resized\"><img decoding=\"async\" src=\"https:\/\/www.duodecim.fi\/ebmeds\/wp-content\/uploads\/sites\/20\/2025\/04\/Ikoni-potilas.svg\" alt=\"\" class=\"wp-image-809\" style=\"width:auto;height:120px\"\/><\/figure>\n\n\n\n<h3 class=\"wp-block-heading has-tumma-sininen-color has-text-color has-link-color has-h-5-font-size wp-elements-6f062d9c3f0289c7b5503d2c1bc9c33b\" style=\"line-height:1.5\"><strong>Effektiv behandling<\/strong><\/h3>\n\n\n\n<p class=\"has-tumma-sininen-color has-text-color has-link-color has-body-font-size wp-elements-6673e788f47fb1ac2841003fc8f2a8b3\" style=\"line-height:1.5\">Kunskapsberad bed\u00f6mning av hur stort och br\u00e5dskande v\u00e5rdbehovet \u00e4r bidrar till att effektivisera tj\u00e4nsterna &#8211; r\u00e4tt v\u00e5rd till r\u00e4tt patient i r\u00e4tt tid.<\/p>\n<\/div>\n\n\n\n<div class=\"wp-block-column is-layout-flow wp-container-core-column-is-layout-f5bb311e wp-block-column-is-layout-flow\">\n<figure class=\"wp-block-image size-full is-resized\"><img decoding=\"async\" src=\"https:\/\/www.duodecim.fi\/ebmeds\/wp-content\/uploads\/sites\/20\/2025\/04\/Ikoni-mobile-chat.svg\" alt=\"\" class=\"wp-image-808\" style=\"width:auto;height:120px\"\/><\/figure>\n\n\n\n<h3 class=\"wp-block-heading has-tumma-sininen-color has-text-color has-link-color has-h-5-font-size wp-elements-a060f893ad095a2db0f9c327bfa3ebed\" style=\"line-height:1.5\"><strong>Kostnadsbesparingar genom optimering av v\u00e5rdv\u00e4gar<\/strong><\/h3>\n\n\n\n<p class=\"has-tumma-sininen-color has-text-color has-link-color has-body-font-size wp-elements-453b96ffba6623a28e9dea06b3028e64\" style=\"line-height:1.5\">Tj\u00e4nsteleverant\u00f6ren uppn\u00e5r kostnadsbesparingar n\u00e4r vissa patienter kan h\u00e4nvisas till digitala v\u00e5rdkanaler eller egenv\u00e5rd p\u00e5 basis resultat fr\u00e5n symptomutv\u00e4rderingar.<\/p>\n<\/div>\n\n\n\n<div class=\"wp-block-column is-layout-flow wp-container-core-column-is-layout-f5bb311e wp-block-column-is-layout-flow\">\n<figure class=\"wp-block-image size-full is-resized\"><img decoding=\"async\" src=\"https:\/\/www.duodecim.fi\/ebmeds\/wp-content\/uploads\/sites\/20\/2025\/04\/Ikoni-hoito.svg\" alt=\"\" class=\"wp-image-805\" style=\"width:auto;height:120px\"\/><\/figure>\n\n\n\n<h3 class=\"wp-block-heading has-tumma-sininen-color has-text-color has-link-color has-h-5-font-size wp-elements-34eadbc57cd55d61d17f8f3283eb8c8b\" style=\"line-height:1.5\"><strong>Tidsbesparing med standardiserad information<\/strong><\/h3>\n\n\n\n<p class=\"has-tumma-sininen-color has-text-color has-link-color has-body-font-size wp-elements-c47b997e689ddb506969693014e611f1\" style=\"line-height:1.5\">Symptom Checkers ger strukturerad och professionellt relevant information &#8211; detta s\u00e4kerst\u00e4ller att informationen kommuniceras korrekt och f\u00f6rb\u00e4ttrar v\u00e5rden i praktiken.<\/p>\n<\/div>\n\n\n\n<div class=\"wp-block-column is-layout-flow wp-container-core-column-is-layout-f5bb311e wp-block-column-is-layout-flow\">\n<figure class=\"wp-block-image size-full is-resized\"><img decoding=\"async\" src=\"https:\/\/www.duodecim.fi\/ebmeds\/wp-content\/uploads\/sites\/20\/2025\/04\/Ikoni-laite-sydan.svg\" alt=\"\" class=\"wp-image-807\" style=\"width:auto;height:120px\"\/><\/figure>\n\n\n\n<h3 class=\"wp-block-heading has-tumma-sininen-color has-text-color has-link-color has-h-5-font-size wp-elements-6ba1bb53339cfb86574e11f1feed61dd\" style=\"line-height:1.5\"><strong>Preventiv strategi<\/strong><\/h3>\n\n\n\n<p class=\"has-tumma-sininen-color has-text-color has-link-color has-body-font-size wp-elements-110291fc2ba96e96da1f30887be1d567\" style=\"line-height:1.5\">Tj\u00e4nsten bidrar till f\u00f6rebyggande v\u00e5rd och sparar kostnader p\u00e5 sikt, eftersom patienter b\u00e4ttre kan bed\u00f6ma sina egna symptom med hj\u00e4lp av den digitala tj\u00e4nsten.<\/p>\n<\/div>\n<\/div>\n<\/div>\n<\/div>\n\n\n\n<div class=\"wp-block-columns alignfull has-tumma-sininen-background-color has-background is-layout-flex wp-container-core-columns-is-layout-d31bdbff wp-block-columns-is-layout-flex\" style=\"padding-top:var(--wp--preset--spacing--60);padding-right:var(--wp--preset--spacing--40);padding-bottom:var(--wp--preset--spacing--50);padding-left:var(--wp--preset--spacing--40)\">\n<div class=\"wp-block-column is-layout-flow wp-block-column-is-layout-flow\">\n<div class=\"wp-block-group has-global-padding is-layout-constrained wp-container-core-group-is-layout-abb6fe41 wp-block-group-is-layout-constrained\">\n<h2 class=\"wp-block-heading has-text-align-center has-base-color has-text-color has-link-color has-opensans-font-family has-h-3-font-size wp-elements-845899d28fb5a41a7f7dfb44c48eca15\" style=\"line-height:1.3\"><strong>Intresserad? L\u00e4mna dina kontaktuppgifter s\u00e5 kontaktar v\u00e5ra experter dig.<\/strong><\/h2>\n\n\n\n<div class=\"wp-block-buttons is-content-justification-center is-layout-flex wp-container-core-buttons-is-layout-a6d9f191 wp-block-buttons-is-layout-flex\" style=\"margin-top:var(--wp--preset--spacing--40);margin-bottom:var(--wp--preset--spacing--40)\">\n<div class=\"wp-block-button ota-yhteytta-btn btn-light\"><a class=\"wp-block-button__link has-tumma-sininen-color has-base-background-color has-text-color has-background has-link-color has-border-color has-base-border-color has-opensans-font-family has-h-4-font-size has-text-align-center has-custom-font-size wp-element-button\" style=\"border-width:1px;padding-top:var(--wp--preset--spacing--30);padding-right:var(--wp--preset--spacing--60);padding-bottom:var(--wp--preset--spacing--30);padding-left:var(--wp--preset--spacing--60)\">Kontakta oss<\/a><\/div>\n<\/div>\n<\/div>\n<\/div>\n<\/div>\n\n\n\n<div class=\"wp-block-columns alignfull is-layout-flex wp-container-core-columns-is-layout-44590b80 wp-block-columns-is-layout-flex\" style=\"margin-top:0;margin-bottom:0;padding-top:0;padding-bottom:0\">\n<div class=\"wp-block-column is-layout-flow wp-container-core-column-is-layout-92d440f1 wp-block-column-is-layout-flow\" style=\"padding-top:0;padding-bottom:0\"><\/div>\n<\/div>\n\n\n\n<p><\/p>\n","protected":false},"excerpt":{"rendered":"<p>Smidigare tj\u00e4nster med hj\u00e4lp av digital sj\u00e4lvutv\u00e4rdering Duodecim Symptom Checkers Duodecim Symptom Checkers har skapats f\u00f6r att effektivisera arbetet f\u00f6r v\u00e5rdpersonal och -organisationer.Med denna tj\u00e4nst kan patienter sj\u00e4lva fylla i en digital symptombed\u00f6mning som kan anv\u00e4ndas av v\u00e5rdpersonalen f\u00f6r att avg\u00f6ra hur stort och br\u00e5dskande behovet av v\u00e5rd \u00e4r. Symptom Checkers hj\u00e4lper v\u00e5rdpersonal att prioritera [&hellip;]<\/p>\n","protected":false},"author":746,"featured_media":0,"parent":0,"menu_order":0,"comment_status":"closed","ping_status":"closed","template":"subsite-sv","meta":{"_desktop_image":"","_mobile_image":"","footnotes":""},"class_list":["post-978","page","type-page","status-publish","hentry"],"_links":{"self":[{"href":"https:\/\/www.duodecim.fi\/ebmeds\/wp-json\/wp\/v2\/pages\/978","targetHints":{"allow":["GET"]}}],"collection":[{"href":"https:\/\/www.duodecim.fi\/ebmeds\/wp-json\/wp\/v2\/pages"}],"about":[{"href":"https:\/\/www.duodecim.fi\/ebmeds\/wp-json\/wp\/v2\/types\/page"}],"author":[{"embeddable":true,"href":"https:\/\/www.duodecim.fi\/ebmeds\/wp-json\/wp\/v2\/users\/746"}],"replies":[{"embeddable":true,"href":"https:\/\/www.duodecim.fi\/ebmeds\/wp-json\/wp\/v2\/comments?post=978"}],"version-history":[{"count":7,"href":"https:\/\/www.duodecim.fi\/ebmeds\/wp-json\/wp\/v2\/pages\/978\/revisions"}],"predecessor-version":[{"id":1840,"href":"https:\/\/www.duodecim.fi\/ebmeds\/wp-json\/wp\/v2\/pages\/978\/revisions\/1840"}],"wp:attachment":[{"href":"https:\/\/www.duodecim.fi\/ebmeds\/wp-json\/wp\/v2\/media?parent=978"}],"curies":[{"name":"wp","href":"https:\/\/api.w.org\/{rel}","templated":true}]}}