{"id":317,"date":"2025-04-01T12:33:04","date_gmt":"2025-04-01T12:33:04","guid":{"rendered":"http:\/\/duodecim.local\/?page_id=317"},"modified":"2026-03-06T14:00:55","modified_gmt":"2026-03-06T12:00:55","slug":"star","status":"publish","type":"page","link":"https:\/\/www.duodecim.fi\/ebmeds\/star\/","title":{"rendered":"Star"},"content":{"rendered":"\n<div class=\"wp-block-group has-global-padding is-layout-constrained wp-container-core-group-is-layout-5afeb8b5 wp-block-group-is-layout-constrained\" style=\"padding-top:var(--wp--preset--spacing--50);padding-right:var(--wp--preset--spacing--40);padding-bottom:0;padding-left:var(--wp--preset--spacing--40)\">\n<figure class=\"wp-block-image aligncenter size-full is-resized subsite-nav-logo\"><img decoding=\"async\" src=\"https:\/\/www.duodecim.fi\/ebmeds\/wp-content\/uploads\/sites\/20\/2025\/04\/logo-star.svg\" alt=\"\" class=\"wp-image-830\" style=\"width:auto;height:45px\"\/><\/figure>\n\n\n\n<h1 class=\"wp-block-heading has-text-align-center has-tumma-sininen-color has-text-color has-link-color has-h-1-font-size wp-elements-5387ab09df148c314d7648e31d0debcc\" style=\"margin-top:var(--wp--preset--spacing--40);margin-bottom:var(--wp--preset--spacing--50);padding-right:0;padding-left:0;line-height:1.5\">Aktivoi asukkaat digitaaliseen omahoitoon,<br>kohdista omat resurssit tehokkaammin<\/h1>\n<\/div>\n\n\n\n<div class=\"wp-block-cover alignwide\" style=\"margin-top:0;margin-bottom:0;padding-top:0;padding-bottom:0\"><img loading=\"lazy\" decoding=\"async\" width=\"1024\" height=\"413\" class=\"wp-block-cover__image-background wp-image-1623 size-large\" alt=\"\" src=\"https:\/\/www.duodecim.fi\/ebmeds\/wp-content\/uploads\/sites\/20\/2025\/10\/Star_hero-1024x413.jpg\" data-object-fit=\"cover\" srcset=\"https:\/\/www.duodecim.fi\/ebmeds\/wp-content\/uploads\/sites\/20\/2025\/10\/Star_hero-1024x413.jpg 1024w, https:\/\/www.duodecim.fi\/ebmeds\/wp-content\/uploads\/sites\/20\/2025\/10\/Star_hero-300x121.jpg 300w, https:\/\/www.duodecim.fi\/ebmeds\/wp-content\/uploads\/sites\/20\/2025\/10\/Star_hero-768x309.jpg 768w, https:\/\/www.duodecim.fi\/ebmeds\/wp-content\/uploads\/sites\/20\/2025\/10\/Star_hero-1536x619.jpg 1536w, https:\/\/www.duodecim.fi\/ebmeds\/wp-content\/uploads\/sites\/20\/2025\/10\/Star_hero-2048x825.jpg 2048w\" sizes=\"auto, (max-width: 1024px) 100vw, 1024px\" \/><span aria-hidden=\"true\" class=\"wp-block-cover__background has-background-dim-0 has-background-dim\"><\/span><div class=\"wp-block-cover__inner-container has-global-padding is-layout-constrained wp-container-core-cover-is-layout-7d678dee wp-block-cover-is-layout-constrained\">\n<p class=\"has-text-align-center has-large-font-size\"><\/p>\n<\/div><\/div>\n\n\n\n<div class=\"wp-block-group has-global-padding is-layout-constrained wp-block-group-is-layout-constrained\">\n<div class=\"wp-block-columns is-layout-flex wp-container-core-columns-is-layout-30102343 wp-block-columns-is-layout-flex\" style=\"margin-top:var(--wp--preset--spacing--70);margin-bottom:var(--wp--preset--spacing--50)\">\n<div class=\"wp-block-column is-layout-flow wp-block-column-is-layout-flow\" style=\"padding-right:var(--wp--preset--spacing--40);padding-left:var(--wp--preset--spacing--40);flex-basis:25%\">\n<h2 class=\"wp-block-heading has-tumma-sininen-color has-text-color has-link-color has-h-3-font-size wp-elements-0ddad289350d3c5a9c29d670e9ebaff1\" style=\"line-height:1.4\">Duodecim<br>STAR\u00ae<\/h2>\n<\/div>\n\n\n\n<div class=\"wp-block-column is-layout-flow wp-block-column-is-layout-flow\" style=\"padding-right:var(--wp--preset--spacing--40);padding-left:var(--wp--preset--spacing--40);flex-basis:60%\">\n<p class=\"has-tumma-sininen-color has-text-color has-link-color has-body-font-size wp-elements-43d4d512078c8e49cde7888c7be97b11\" style=\"line-height:1.5\"><strong>Duodecim STAR on Terveystarkastus- ja valmennuspalvelu, jossa asukas voi itsen\u00e4isesti arvioida terveysriskej\u00e4\u00e4n. Tarkastuksen tulokset ohjaavat konkreettisiin el\u00e4m\u00e4ntapamuutoksiin, ja tarjolla olevat valmennusohjelmat tukevat uuteen, terveellisemp\u00e4\u00e4n el\u00e4m\u00e4ntapaan.<br><br><\/strong>Ammattilaiselle Duodecim STAR tarjoaa tehokkaan tavan ohjata potilas tekem\u00e4\u00e4n terveystarkastuksen itsen\u00e4isesti. Valmiit tulokset s\u00e4\u00e4st\u00e4v\u00e4t ammattilaisen aikaa, yhdenmukaistaa prosesseja ja tehostaa hoitok\u00e4yt\u00e4nt\u00f6j\u00e4.<br><br>STAR:in avulla voidaan tunnistaa HYTE-kerrointa kerrytt\u00e4vi\u00e4 indikaattoreita ja ohjata HYTE-rahoitusta alueille. STAR valmennukset tarjoavat tarkoitukseen tarvittavia interventioita.<\/p>\n<\/div>\n<\/div>\n\n\n\n<div class=\"wp-block-cover alignwide\" style=\"margin-top:0;margin-bottom:0;padding-top:0;padding-bottom:0;min-height:32vw;aspect-ratio:unset;\"><img loading=\"lazy\" decoding=\"async\" width=\"1024\" height=\"413\" class=\"wp-block-cover__image-background wp-image-1174 size-large\" alt=\"\" src=\"https:\/\/www.duodecim.fi\/ebmeds\/wp-content\/uploads\/sites\/20\/2025\/06\/Star_hero-1024x413.png\" data-object-fit=\"cover\" srcset=\"https:\/\/www.duodecim.fi\/ebmeds\/wp-content\/uploads\/sites\/20\/2025\/06\/Star_hero-1024x413.png 1024w, https:\/\/www.duodecim.fi\/ebmeds\/wp-content\/uploads\/sites\/20\/2025\/06\/Star_hero-300x121.png 300w, https:\/\/www.duodecim.fi\/ebmeds\/wp-content\/uploads\/sites\/20\/2025\/06\/Star_hero-768x309.png 768w, https:\/\/www.duodecim.fi\/ebmeds\/wp-content\/uploads\/sites\/20\/2025\/06\/Star_hero-1536x619.png 1536w, https:\/\/www.duodecim.fi\/ebmeds\/wp-content\/uploads\/sites\/20\/2025\/06\/Star_hero-2048x825.png 2048w\" sizes=\"auto, (max-width: 1024px) 100vw, 1024px\" \/><span aria-hidden=\"true\" class=\"wp-block-cover__background has-background-dim-0 has-background-dim\"><\/span><div class=\"wp-block-cover__inner-container has-global-padding is-layout-constrained wp-container-core-cover-is-layout-7d678dee wp-block-cover-is-layout-constrained\">\n<p class=\"has-text-align-center has-large-font-size\"><\/p>\n<\/div><\/div>\n\n\n\n<div class=\"wp-block-group has-global-padding is-layout-constrained wp-block-group-is-layout-constrained\">\n<h2 class=\"wp-block-heading has-tumma-sininen-color has-text-color has-link-color has-h-3-font-size wp-elements-d9c2ce34c274f57c844394edbff570b1\" style=\"margin-top:var(--wp--preset--spacing--60);padding-right:var(--wp--preset--spacing--40);padding-left:var(--wp--preset--spacing--40)\">N\u00e4in Duodecim STAR\u00ae auttaa ammattilaista ja organisaatiota:<\/h2>\n\n\n\n<div class=\"wp-block-columns subsite-four-columns icon-columns is-layout-flex wp-container-core-columns-is-layout-ec876f46 wp-block-columns-is-layout-flex\" style=\"margin-top:var(--wp--preset--spacing--60);margin-bottom:var(--wp--preset--spacing--60);padding-right:var(--wp--preset--spacing--40);padding-left:var(--wp--preset--spacing--40)\">\n<div class=\"wp-block-column is-layout-flow wp-container-core-column-is-layout-f5bb311e wp-block-column-is-layout-flow\">\n<figure class=\"wp-block-image size-full is-resized\"><img decoding=\"async\" src=\"https:\/\/www.duodecim.fi\/ebmeds\/wp-content\/uploads\/sites\/20\/2025\/04\/Ikoni-potilas.svg\" alt=\"\" class=\"wp-image-809\" style=\"width:auto;height:120px\"\/><\/figure>\n\n\n\n<h3 class=\"wp-block-heading has-tumma-sininen-color has-text-color has-link-color has-h-5-font-size wp-elements-14aaf09a1f0106169852c3e466cf26e3\" style=\"line-height:1.5\"><strong>Ennaltaehk\u00e4isev\u00e4 l\u00e4hestyminen<\/strong><\/h3>\n\n\n\n<p class=\"has-tumma-sininen-color has-text-color has-link-color has-body-font-size wp-elements-2013b53fd97aef00944b11cf8c6fcfad\" style=\"line-height:1.5\">STAR auttaa ennaltaehk\u00e4isem\u00e4\u00e4n suurten massojen elintapasairauksia. Esimerkiksi lakis\u00e4\u00e4teisi\u00e4 terveystarkastuksia on mahdollista toteuttaa \u2028STAR-tarkastuksina.<\/p>\n<\/div>\n\n\n\n<div class=\"wp-block-column is-layout-flow wp-container-core-column-is-layout-f5bb311e wp-block-column-is-layout-flow\">\n<figure class=\"wp-block-image size-full is-resized\"><img decoding=\"async\" src=\"https:\/\/www.duodecim.fi\/ebmeds\/wp-content\/uploads\/sites\/20\/2025\/04\/Ikoni-mobile-chat.svg\" alt=\"\" class=\"wp-image-808\" style=\"width:auto;height:120px\"\/><\/figure>\n\n\n\n<h3 class=\"wp-block-heading has-tumma-sininen-color has-text-color has-link-color has-h-5-font-size wp-elements-98c5993818aae4ead81cc8b123716ac8\" style=\"line-height:1.5\"><strong>Resurssien priorisointi<\/strong><\/h3>\n\n\n\n<p class=\"has-tumma-sininen-color has-text-color has-link-color has-body-font-size wp-elements-a15c40edc37e00ff68392a8601936a77\" style=\"line-height:1.5\">Kun potilaat voivat itse kartoittaa terveydentilaansa liittyvi\u00e4 riskej\u00e4 sek\u00e4 tarttua elintapasairauksiin STAR-terveystarkastuksen ja \u2028-valmennuksen tuella, ammattilaiset ja organisaatiot pystyv\u00e4t kohdistamaan resurssinsa tehokkaammin.<\/p>\n<\/div>\n\n\n\n<div class=\"wp-block-column is-layout-flow wp-container-core-column-is-layout-f5bb311e wp-block-column-is-layout-flow\">\n<figure class=\"wp-block-image size-full is-resized\"><img decoding=\"async\" src=\"https:\/\/www.duodecim.fi\/ebmeds\/wp-content\/uploads\/sites\/20\/2025\/04\/Ikoni-hoito.svg\" alt=\"\" class=\"wp-image-805\" style=\"width:auto;height:120px\"\/><\/figure>\n\n\n\n<h3 class=\"wp-block-heading has-tumma-sininen-color has-text-color has-link-color has-h-5-font-size wp-elements-f8cf12766946ed7a49e44bacf092d7cd\" style=\"line-height:1.5\"><strong>Prosessin sujuvoittaminen<\/strong><\/h3>\n\n\n\n<p class=\"has-tumma-sininen-color has-text-color has-link-color has-body-font-size wp-elements-ae231ff43241f7700885735ec3739ec0\" style=\"line-height:1.5\">Ennakoiva STAR-terveystarkastus varmistaa, ett\u00e4 terveiden potilaiden ei tarvitse turhaan saapua vastaanotolle. Se my\u00f6s takaa, ett\u00e4 vastaanotolle saapuvat potilaat ovat jo ennalta tietoisempia tilanteestaan \u2013 ja my\u00f6s ammattilaisilla on heid\u00e4n tarpeistaan selke\u00e4 k\u00e4sitys STARin kautta. N\u00e4in itse vastaanottotapahtuma on mahdollisimman tehokas.<\/p>\n<\/div>\n\n\n\n<div class=\"wp-block-column is-layout-flow wp-container-core-column-is-layout-f5bb311e wp-block-column-is-layout-flow\">\n<figure class=\"wp-block-image size-full is-resized\"><img decoding=\"async\" src=\"https:\/\/www.duodecim.fi\/ebmeds\/wp-content\/uploads\/sites\/20\/2025\/04\/Ikoni-laite-sydan.svg\" alt=\"\" class=\"wp-image-807\" style=\"width:auto;height:120px\"\/><\/figure>\n\n\n\n<h3 class=\"wp-block-heading has-tumma-sininen-color has-text-color has-link-color has-h-5-font-size wp-elements-2b636f740a84cf051b374cec905979dd\" style=\"line-height:1.5\"><strong>Hoidon vaikuttavuus<\/strong><\/h3>\n\n\n\n<p class=\"has-tumma-sininen-color has-text-color has-link-color has-body-font-size wp-elements-f1f5bc2ad6324036767a209c7b963cb8\" style=\"line-height:1.5\">Johdonmukaiset ja toistuvat STAR-harjoitteet ja valmennukset auttavat potilaita aidosti ratkaisemaan elintapoihin liittyvi\u00e4 terveyshaasteitaan. Kun esimerkiksi painonhallintaan tai uneen liittyv\u00e4 muutos ei j\u00e4\u00e4 yksitt\u00e4isen l\u00e4\u00e4k\u00e4rik\u00e4ynnin varaan, vaikutus on yksil\u00f6n ja yhteiskunnan kannalta lopulta tehokkaampi.<\/p>\n<\/div>\n\n\n\n<div class=\"wp-block-column is-layout-flow wp-container-core-column-is-layout-f5bb311e wp-block-column-is-layout-flow\">\n<figure class=\"wp-block-image size-full is-resized\"><img decoding=\"async\" src=\"https:\/\/www.duodecim.fi\/ebmeds\/wp-content\/uploads\/sites\/20\/2025\/04\/Ikoni-kasi.svg\" alt=\"\" class=\"wp-image-806\" style=\"width:auto;height:120px\"\/><\/figure>\n\n\n\n<h3 class=\"wp-block-heading has-tumma-sininen-color has-text-color has-link-color has-h-5-font-size wp-elements-5fd2b123bce55cd2c61b7952de819b12\" style=\"line-height:1.5\"><strong>HYTE-kerroin<\/strong><\/h3>\n\n\n\n<p class=\"has-tumma-sininen-color has-text-color has-link-color has-body-font-size wp-elements-8285e8433e12ce304d1d3a0c0bcca01d\" style=\"line-height:1.5\">STAR:in avulla voidaan tunnistaa HYTE-kerrointa kerrytt\u00e4vi\u00e4 indikaattoreita ja ohjata HYTE-rahoitusta alueille. STAR valmennukset tarjoavat tarkoitukseen tarvittavia interventioita.<\/p>\n<\/div>\n<\/div>\n<\/div>\n<\/div>\n\n\n\n<div class=\"wp-block-columns alignfull has-tumma-sininen-background-color has-background is-layout-flex wp-container-core-columns-is-layout-d31bdbff wp-block-columns-is-layout-flex\" style=\"padding-top:var(--wp--preset--spacing--60);padding-right:var(--wp--preset--spacing--40);padding-bottom:var(--wp--preset--spacing--50);padding-left:var(--wp--preset--spacing--40)\">\n<div class=\"wp-block-column is-layout-flow wp-block-column-is-layout-flow\">\n<div class=\"wp-block-group has-global-padding is-layout-constrained wp-container-core-group-is-layout-abb6fe41 wp-block-group-is-layout-constrained\">\n<h2 class=\"wp-block-heading has-text-align-center has-base-color has-text-color has-link-color has-opensans-font-family has-h-3-font-size wp-elements-03f15b8a998c97b09ab1248fc8cd1d96\" style=\"line-height:1.3\"><strong>Kiinnostuitko? J\u00e4t\u00e4 yhteystietosi, niin asiantuntijamme on sinuun yhteydess\u00e4.<\/strong><\/h2>\n\n\n\n<div class=\"wp-block-buttons is-content-justification-center is-layout-flex wp-container-core-buttons-is-layout-a6d9f191 wp-block-buttons-is-layout-flex\" style=\"margin-top:var(--wp--preset--spacing--40);margin-bottom:var(--wp--preset--spacing--40)\">\n<div class=\"wp-block-button ota-yhteytta-btn btn-light\"><a class=\"wp-block-button__link has-tumma-sininen-color has-base-background-color has-text-color has-background has-link-color has-border-color has-base-border-color has-opensans-font-family has-h-4-font-size has-text-align-center has-custom-font-size wp-element-button\" style=\"border-width:1px;padding-top:var(--wp--preset--spacing--30);padding-right:var(--wp--preset--spacing--60);padding-bottom:var(--wp--preset--spacing--30);padding-left:var(--wp--preset--spacing--60)\">Ota yhteytt\u00e4<\/a><\/div>\n<\/div>\n<\/div>\n<\/div>\n<\/div>\n\n\n\n<div class=\"wp-block-columns alignfull is-layout-flex wp-container-core-columns-is-layout-44590b80 wp-block-columns-is-layout-flex\" style=\"margin-top:0;margin-bottom:0;padding-top:0;padding-bottom:0\">\n<div class=\"wp-block-column is-layout-flow wp-container-core-column-is-layout-92d440f1 wp-block-column-is-layout-flow\" style=\"padding-top:0;padding-bottom:0\">\n<figure class=\"wp-block-embed is-type-video is-provider-vimeo wp-block-embed-vimeo wp-embed-aspect-16-9 wp-has-aspect-ratio\" style=\"margin-top:0;margin-bottom:0\"><div class=\"wp-block-embed__wrapper\">\n<iframe loading=\"lazy\" title=\"STAR FI\" src=\"https:\/\/player.vimeo.com\/video\/1123461670?h=4fcbb3bbf3&amp;dnt=1&amp;app_id=122963\" width=\"500\" height=\"281\" frameborder=\"0\" allow=\"autoplay; fullscreen; picture-in-picture; clipboard-write; encrypted-media; web-share\" referrerpolicy=\"strict-origin-when-cross-origin\"><\/iframe>\n<\/div><\/figure>\n<\/div>\n<\/div>\n\n\n\n<div class=\"wp-block-group alignfull has-background has-global-padding is-layout-constrained wp-container-core-group-is-layout-8657f4d6 wp-block-group-is-layout-constrained\" style=\"background-color:#f2f3f7;margin-top:0;margin-bottom:0;padding-top:var(--wp--preset--spacing--60);padding-right:var(--wp--preset--spacing--40);padding-bottom:var(--wp--preset--spacing--60);padding-left:var(--wp--preset--spacing--40)\">\n<div class=\"wp-block-group subsite-columns has-global-padding is-layout-constrained wp-block-group-is-layout-constrained\" style=\"margin-top:0;margin-bottom:0\">\n<h2 class=\"wp-block-heading has-text-align-center has-tumma-sininen-color has-text-color has-link-color wp-elements-c2bba3b5c72044a5686bcb1fa3ef39a4\" style=\"margin-top:var(--wp--preset--spacing--50);font-size:clamp(24.034px, 1.502rem + ((1vw - 3.2px) * 1.247), 40px);\">Duodecim STAR\u00ae -palvelu elintapamuutosten tukena<\/h2>\n\n\n\n<div class=\"wp-block-columns is-layout-flex wp-container-core-columns-is-layout-63f6cc5e wp-block-columns-is-layout-flex\" style=\"margin-top:var(--wp--preset--spacing--70);margin-bottom:var(--wp--preset--spacing--70)\">\n<div class=\"wp-block-column is-layout-flow wp-block-column-is-layout-flow\" style=\"padding-right:0;padding-left:0;flex-basis:40%\">\n<h3 class=\"wp-block-heading has-tumma-sininen-color has-text-color has-link-color has-h-5-font-size wp-elements-8e2012879f11225e027afc102ca51349\" style=\"line-height:1.5\"><strong>Digitaaliset apurit el\u00e4m\u00e4ntapa\u00admuutoksiin<\/strong><\/h3>\n<\/div>\n\n\n\n<div class=\"wp-block-column is-layout-flow wp-block-column-is-layout-flow\" style=\"padding-right:0;padding-left:0;flex-basis:60%\">\n<p class=\"has-tumma-sininen-color has-text-color has-link-color has-body-font-size wp-elements-5e8194d1fa8098c390b007766116c71a\" style=\"line-height:1.5\"><strong>Digitaalinen terveystarkastus<\/strong><\/p>\n\n\n\n<p class=\"has-tumma-sininen-color has-text-color has-link-color has-body-font-size wp-elements-5bdd1eda811f1747d2602195f55da4f5\" style=\"line-height:1.5\">Terveystarkastuksen avulla k\u00e4ytt\u00e4j\u00e4 voi arvioida elintapojaan ja henkist\u00e4 hyvinvointiaan. K\u00e4ytt\u00e4j\u00e4n omista elintavoistaan antamien tietojen perusteella palvelu antaa arvion keskeisten syd\u00e4n- ja verisuonitautien sairastumisriskeist\u00e4 ja keskim\u00e4\u00e4r\u00e4isest\u00e4 elinajan ennusteesta. <\/p>\n\n\n\n<p class=\"has-tumma-sininen-color has-text-color has-link-color has-body-font-size wp-elements-3ff0e8630bc92eb642722cc2a994c7cb\" style=\"line-height:1.5\">Terveystarkastus luo my\u00f6s yhteenvedon terveyteen vaikuttavista elintavoista sek\u00e4 siit\u00e4, miten oman hyvinvointinsa edellytyksi\u00e4 voisi parantaa. Palvelun laskentakaavat perustuvat laajoihin suomalaisiin tutkimusaineistoihin ja suuriin kansainv\u00e4lisiin tutkimuksiin. Palvelu on k\u00e4ytett\u00e4viss\u00e4 suomeksi, ruotsiksi ja englanniksi.<\/p>\n\n\n\n<div style=\"height:40px\" aria-hidden=\"true\" class=\"wp-block-spacer\"><\/div>\n\n\n\n<p class=\"has-tumma-sininen-color has-text-color has-link-color has-body-font-size wp-elements-ae9306b44f2fccc86b6b22e84f67a641\" style=\"line-height:1.5\"><strong>Terveysvalmennukset<\/strong><\/p>\n\n\n\n<p class=\"has-tumma-sininen-color has-text-color has-link-color has-body-font-size wp-elements-987a59e2ce93baa203e360599a610de6\" style=\"line-height:1.5\">Itsen\u00e4isesti toteutettavat terveysvalmennukset tukevat elintapamuutosta ja sis\u00e4lt\u00e4v\u00e4t hyvinvoinnin tueksi tietoa, vinkkej\u00e4 ja harjoituksia, joiden avulla voi tehd\u00e4 pysyvi\u00e4 muutoksia omaan arkeensa. S\u00e4hk\u00f6postitse saatavat viikkoviestit kannustavat ja ohjaavat k\u00e4ytt\u00e4j\u00e4\u00e4 kohti entist\u00e4 parempaa el\u00e4m\u00e4\u00e4. <\/p>\n\n\n\n<p class=\"has-tumma-sininen-color has-text-color has-link-color has-body-font-size wp-elements-265a0500d0c9819e1cb91b2b91dc54c3\" style=\"line-height:1.5\">Valmennuksia on valittavissa terveyden ja hyvinvoinnin kannalta keskeisilt\u00e4 el\u00e4m\u00e4n alueilta, kuten painonhallinta, liikunta, terveellinen ravinto, uni, henkinen hyvinvointi, parisuhde, alkoholin k\u00e4yt\u00f6n v\u00e4hent\u00e4minen sek\u00e4 tupakoinnin lopettaminen.<\/p>\n<\/div>\n<\/div>\n<\/div>\n\n\n\n<hr class=\"wp-block-separator has-text-color has-tumma-sininen-color has-alpha-channel-opacity has-tumma-sininen-background-color has-background\" style=\"margin-top:var(--wp--preset--spacing--60);margin-bottom:var(--wp--preset--spacing--60)\"\/>\n\n\n\n<div class=\"wp-block-group alignwide has-tumma-sininen-background-color has-background has-global-padding is-layout-constrained wp-container-core-group-is-layout-ca038469 wp-block-group-is-layout-constrained\" style=\"margin-top:0;margin-bottom:0;padding-top:var(--wp--preset--spacing--50);padding-right:var(--wp--preset--spacing--40);padding-bottom:var(--wp--preset--spacing--50);padding-left:var(--wp--preset--spacing--40)\">\n<h2 class=\"wp-block-heading has-base-color has-text-color has-link-color has-h-3-font-size wp-elements-2f88425a6a2fddfffb6c266339e83d51\">Asiantuntevaa ohjausta kohti kokonaisvaltaista terveytt\u00e4 ja hyvinvointia!<\/h2>\n\n\n\n<div class=\"wp-block-columns is-layout-flex wp-container-core-columns-is-layout-be65f10a wp-block-columns-is-layout-flex\" style=\"margin-top:var(--wp--preset--spacing--50);margin-bottom:var(--wp--preset--spacing--30)\">\n<div class=\"wp-block-column manual-block is-layout-flow wp-container-core-column-is-layout-9e7c6d94 wp-block-column-is-layout-flow\" style=\"padding-right:var(--wp--preset--spacing--70);flex-basis:20%\">\n<div class=\"wp-block-group is-nowrap is-layout-flex wp-container-core-group-is-layout-3ba50e2a wp-block-group-is-layout-flex\" style=\"margin-top:0;margin-bottom:0\">\n<p class=\"has-base-color has-text-color has-link-color has-body-font-size wp-elements-d36f6ce339e6a0b0722d6bb4215a3439\" style=\"line-height:1.7\"><\/p>\n<\/div>\n<\/div>\n\n\n\n<div class=\"wp-block-column courses-block is-layout-flow wp-block-column-is-layout-flow\" style=\"flex-basis:80%\">\n<div class=\"wp-block-group is-content-justification-left is-layout-flex wp-container-core-group-is-layout-b20be981 wp-block-group-is-layout-flex\">\n<p class=\"has-base-color has-text-color has-link-color has-body-font-size wp-elements-df6547153ab29d8eb7aa788bd1f715db\" style=\"margin-right:var(--wp--preset--spacing--50);line-height:1.7\"><\/p>\n\n\n\n<ul style=\"line-height:1.7\" class=\"wp-block-list\">\n<li class=\"has-base-color has-text-color has-link-color has-body-font-size wp-elements-9f5fe30369ab88e0fb25d4a497bc7e68\"><a href=\"https:\/\/www.terveyskirjasto.fi\/dlk00918\" data-type=\"link\" data-id=\"https:\/\/www.terveyskirjasto.fi\/dlk00918\">Digitaalinen terveystarkastus ja \u2013valmennus Duodecim STAR\u00ae<\/a> <img decoding=\"async\" class=\"wp-image-414\" style=\"width: 18px\" src=\"https:\/\/www.duodecim.fi\/ebmeds\/wp-content\/themes\/ebmeds\/assets\/images\/ext-link.svg\" alt=\"\"><\/li>\n\n\n\n<li class=\"has-base-color has-text-color has-link-color has-body-font-size wp-elements-c250453b8e804d6bedf736374fb474fa\"><a href=\"https:\/\/star3.duodecim.fi\/fi-FI\/d\/me\" data-type=\"link\" data-id=\"https:\/\/star3.duodecim.fi\/fi-FI\/d\/me\">Duodecim STAR\u00ae -palvelu<\/a><img decoding=\"async\" class=\"wp-image-414\" style=\"width: 18px\" src=\"https:\/\/www.duodecim.fi\/ebmeds\/wp-content\/themes\/ebmeds\/assets\/images\/ext-link.svg\" alt=\"\"><\/li>\n<\/ul>\n<\/div>\n<\/div>\n\n\n\n<div class=\"wp-block-column is-layout-flow wp-block-column-is-layout-flow\"><\/div>\n<\/div>\n<\/div>\n<\/div>\n","protected":false},"excerpt":{"rendered":"<p>Aktivoi asukkaat digitaaliseen omahoitoon,kohdista omat resurssit tehokkaammin DuodecimSTAR\u00ae Duodecim STAR on Terveystarkastus- ja valmennuspalvelu, jossa asukas voi itsen\u00e4isesti arvioida terveysriskej\u00e4\u00e4n. Tarkastuksen tulokset ohjaavat konkreettisiin el\u00e4m\u00e4ntapamuutoksiin, ja tarjolla olevat valmennusohjelmat tukevat uuteen, terveellisemp\u00e4\u00e4n el\u00e4m\u00e4ntapaan. Ammattilaiselle Duodecim STAR tarjoaa tehokkaan tavan ohjata potilas tekem\u00e4\u00e4n terveystarkastuksen itsen\u00e4isesti. Valmiit tulokset s\u00e4\u00e4st\u00e4v\u00e4t ammattilaisen aikaa, yhdenmukaistaa prosesseja ja tehostaa hoitok\u00e4yt\u00e4nt\u00f6j\u00e4. STAR:in [&hellip;]<\/p>\n","protected":false},"author":746,"featured_media":0,"parent":0,"menu_order":0,"comment_status":"closed","ping_status":"closed","template":"subsite-no-title","meta":{"_desktop_image":"","_mobile_image":"","footnotes":""},"class_list":["post-317","page","type-page","status-publish","hentry"],"_links":{"self":[{"href":"https:\/\/www.duodecim.fi\/ebmeds\/wp-json\/wp\/v2\/pages\/317","targetHints":{"allow":["GET"]}}],"collection":[{"href":"https:\/\/www.duodecim.fi\/ebmeds\/wp-json\/wp\/v2\/pages"}],"about":[{"href":"https:\/\/www.duodecim.fi\/ebmeds\/wp-json\/wp\/v2\/types\/page"}],"author":[{"embeddable":true,"href":"https:\/\/www.duodecim.fi\/ebmeds\/wp-json\/wp\/v2\/users\/746"}],"replies":[{"embeddable":true,"href":"https:\/\/www.duodecim.fi\/ebmeds\/wp-json\/wp\/v2\/comments?post=317"}],"version-history":[{"count":16,"href":"https:\/\/www.duodecim.fi\/ebmeds\/wp-json\/wp\/v2\/pages\/317\/revisions"}],"predecessor-version":[{"id":1809,"href":"https:\/\/www.duodecim.fi\/ebmeds\/wp-json\/wp\/v2\/pages\/317\/revisions\/1809"}],"wp:attachment":[{"href":"https:\/\/www.duodecim.fi\/ebmeds\/wp-json\/wp\/v2\/media?parent=317"}],"curies":[{"name":"wp","href":"https:\/\/api.w.org\/{rel}","templated":true}]}}